CRAN Package Check Results for Package muStat

Last updated on 2018-10-19 01:46:31 CEST.

Flavor Version Tinstall Tcheck Ttotal Status Flags
r-devel-linux-x86_64-debian-clang 1.7.0 1.79 26.57 28.36 NOTE
r-devel-linux-x86_64-debian-gcc 1.7.0 1.90 20.83 22.73 NOTE
r-devel-linux-x86_64-fedora-clang 1.7.0 33.03 NOTE
r-devel-linux-x86_64-fedora-gcc 1.7.0 30.87 NOTE
r-devel-windows-ix86+x86_64 1.7.0 7.00 43.00 50.00 NOTE
r-patched-linux-x86_64 1.7.0 1.68 24.20 25.88 NOTE
r-patched-solaris-x86 1.7.0 46.80 NOTE
r-release-linux-x86_64 1.7.0 1.53 25.42 26.95 NOTE
r-release-windows-ix86+x86_64 1.7.0 7.00 35.00 42.00 NOTE
r-release-osx-x86_64 1.7.0 NOTE
r-oldrel-windows-ix86+x86_64 1.7.0 3.00 35.00 38.00 NOTE
r-oldrel-osx-x86_64 1.7.0 NOTE

Check Details

Version: 1.7.0
Check: R code for possible problems
Result: NOTE
    prentice.test: no visible global function definition for ‘is’
    Undefined global functions or variables:
     is
    Consider adding
     importFrom("methods", "is")
    to your NAMESPACE file (and ensure that your DESCRIPTION Imports field
    contains 'methods').
Flavors: r-devel-linux-x86_64-debian-clang, r-devel-linux-x86_64-debian-gcc, r-devel-linux-x86_64-fedora-clang, r-devel-linux-x86_64-fedora-gcc, r-devel-windows-ix86+x86_64, r-patched-linux-x86_64, r-patched-solaris-x86, r-release-linux-x86_64, r-release-windows-ix86+x86_64, r-release-osx-x86_64, r-oldrel-windows-ix86+x86_64, r-oldrel-osx-x86_64