Last updated on 2018-10-19 01:46:31 CEST.
Flavor | Version | Tinstall | Tcheck | Ttotal | Status | Flags |
---|---|---|---|---|---|---|
r-devel-linux-x86_64-debian-clang | 0.9.0 | 9.62 | 85.88 | 95.50 | OK | |
r-devel-linux-x86_64-debian-gcc | 0.9.0 | 8.55 | 67.97 | 76.52 | OK | |
r-devel-linux-x86_64-fedora-clang | 0.9.0 | 114.31 | OK | |||
r-devel-linux-x86_64-fedora-gcc | 0.9.0 | 110.18 | OK | |||
r-devel-windows-ix86+x86_64 | 0.9.0 | 26.00 | 135.00 | 161.00 | OK | |
r-patched-linux-x86_64 | 0.9.0 | 10.05 | 81.78 | 91.83 | OK | |
r-patched-solaris-x86 | 0.9.0 | 142.30 | OK | |||
r-release-linux-x86_64 | 0.9.0 | 8.28 | 82.74 | 91.02 | OK | |
r-release-windows-ix86+x86_64 | 0.9.0 | 21.00 | 173.00 | 194.00 | OK | |
r-release-osx-x86_64 | 0.9.0 | OK | ||||
r-oldrel-windows-ix86+x86_64 | 0.9.0 | 16.00 | 252.00 | 268.00 | OK | |
r-oldrel-osx-x86_64 | 0.9.0 | NOTE |
Version: 0.9.0
Check: re-building of vignette outputs
Result: NOTE
Error in re-building vignettes:
...
trying URL 'http://vlado.fmf.uni-lj.si/pub/networks/data/esna/Sampson.zip'
Content type 'application/zip' length 2182 bytes
==================================================
downloaded 2182 bytes
Warning in get.vertex.attribute.active(net, "happiness", onset = 2.5, terminus = 4.5) :
Multiple attribute values matched query spell for attribute happiness.active on some vertices. Only earliest value used
Error in texi2dvi(file = file, pdf = TRUE, clean = clean, quiet = quiet, :
Running 'texi2dvi' on 'networkDynamic.tex' failed.
LaTeX errors:
! LaTeX Error: File `comment.sty' not found.
Type X to quit or <RETURN> to proceed,
or enter new name. (Default extension: sty)
! Emergency stop.
<read *>
l.6 \usepackage
{color}^^M
! ==> Fatal error occurred, no output PDF file produced!
Calls: buildVignettes -> texi2pdf -> texi2dvi
Execution halted
Flavor: r-oldrel-osx-x86_64