CRAN Package Check Results for Package nlgeocoder

Last updated on 2018-10-19 01:46:31 CEST.

Flavor Version Tinstall Tcheck Ttotal Status Flags
r-devel-linux-x86_64-debian-clang 0.1.3 1.25 29.89 31.14 OK
r-devel-linux-x86_64-debian-gcc 0.1.3 0.97 25.06 26.03 OK
r-devel-linux-x86_64-fedora-clang 0.1.3 35.11 OK
r-devel-linux-x86_64-fedora-gcc 0.1.3 33.64 OK
r-devel-windows-ix86+x86_64 0.1.3 4.00 41.00 45.00 OK
r-patched-linux-x86_64 0.1.3 1.14 27.32 28.46 OK
r-patched-solaris-x86 0.1.3 47.10 WARN
r-release-linux-x86_64 0.1.3 1.20 28.10 29.30 OK
r-release-windows-ix86+x86_64 0.1.3 4.00 70.00 74.00 OK
r-release-osx-x86_64 0.1.3 WARN
r-oldrel-windows-ix86+x86_64 0.1.3 4.00 61.00 65.00 OK
r-oldrel-osx-x86_64 0.1.3 WARN

Check Details

Version: 0.1.3
Check: re-building of vignette outputs
Result: WARN
    Error in re-building vignettes:
     ...
    Warning in engine$weave(file, quiet = quiet, encoding = enc) :
     Pandoc (>= 1.12.3) and/or pandoc-citeproc not available. Falling back to R Markdown v1.
    Quitting from lines 127-133 (geocode.Rmd)
    Error: processing vignette 'geocode.Rmd' failed with diagnostics:
    there is no package called 'webshot'
    Execution halted
Flavor: r-patched-solaris-x86

Version: 0.1.3
Check: re-building of vignette outputs
Result: WARN
    Error in re-building vignettes:
     ...
    Warning in engine$weave(file, quiet = quiet, encoding = enc) :
     Pandoc (>= 1.12.3) and/or pandoc-citeproc not available. Falling back to R Markdown v1.
    Quitting from lines 127-133 (geocode.Rmd)
    Error: processing vignette 'geocode.Rmd' failed with diagnostics:
    cannot open the connection
    Execution halted
Flavors: r-release-osx-x86_64, r-oldrel-osx-x86_64