CRAN Package Check Results for Package opensensmapr

Last updated on 2018-10-19 01:46:32 CEST.

Flavor Version Tinstall Tcheck Ttotal Status Flags
r-devel-linux-x86_64-debian-clang 0.4.1 1.45 100.41 101.86 WARN
r-devel-linux-x86_64-debian-gcc 0.4.1 1.29 76.47 77.76 WARN
r-devel-linux-x86_64-fedora-clang 0.4.1 186.78 OK
r-devel-linux-x86_64-fedora-gcc 0.4.1 180.21 OK
r-devel-windows-ix86+x86_64 0.4.1 5.00 519.00 524.00 OK
r-patched-linux-x86_64 0.4.1 1.54 96.50 98.04 WARN
r-patched-solaris-x86 0.4.1 242.10 OK
r-release-linux-x86_64 0.4.1 1.62 99.43 101.05 WARN
r-release-windows-ix86+x86_64 0.4.1 5.00 554.00 559.00 OK
r-release-osx-x86_64 0.4.1 OK
r-oldrel-windows-ix86+x86_64 0.4.1 3.00 531.00 534.00 OK
r-oldrel-osx-x86_64 0.4.1 OK

Check Details

Version: 0.4.1
Check: re-building of vignette outputs
Result: WARN
    Error in re-building vignettes:
     ...
    
    Attaching package: 'dplyr'
    
    The following objects are masked from 'package:stats':
    
     filter, lag
    
    The following objects are masked from 'package:base':
    
     intersect, setdiff, setequal, union
    
    
    Attaching package: 'lubridate'
    
    The following object is masked from 'package:base':
    
     date
    
    
    Attaching package: 'zoo'
    
    The following objects are masked from 'package:base':
    
     as.Date, as.Date.numeric
    
    Warning in bind_rows_(x, .id) :
     Unequal factor levels: coercing to character
    Warning in bind_rows_(x, .id) :
     binding character and factor vector, coercing into character vector
    Warning in bind_rows_(x, .id) :
     binding character and factor vector, coercing into character vector
    Warning: Removed 5 rows containing missing values (geom_path).
    Don't know how to automatically pick scale for object of type difftime. Defaulting to continuous.
    Don't know how to automatically pick scale for object of type difftime. Defaulting to continuous.
    Don't know how to automatically pick scale for object of type difftime. Defaulting to continuous.
    Loading required package: maps
    Loading required package: maptools
    Loading required package: sp
    Checking rgeos availability: TRUE
    Loading required package: rgeos
    rgeos version: 0.3-28, (SVN revision 572)
     GEOS runtime version: 3.7.0-CAPI-1.11.0 673b9939
     Linking to sp version: 1.3-1
     Polygon checking: TRUE
    
    Quitting from lines 142-143 (osem-intro.Rmd)
    Error: processing vignette ‘osem-intro.Rmd’ failed with diagnostics:
    no simple features geometry column present
    Execution halted
Flavors: r-devel-linux-x86_64-debian-clang, r-devel-linux-x86_64-debian-gcc, r-patched-linux-x86_64, r-release-linux-x86_64