Last updated on 2018-10-19 01:46:32 CEST.
Flavor | Version | Tinstall | Tcheck | Ttotal | Status | Flags |
---|---|---|---|---|---|---|
r-devel-linux-x86_64-debian-clang | 1.0.0 | 7.21 | 67.86 | 75.07 | OK | |
r-devel-linux-x86_64-debian-gcc | 1.0.0 | 5.82 | 54.81 | 60.63 | OK | |
r-devel-linux-x86_64-fedora-clang | 1.0.0 | 91.52 | OK | |||
r-devel-linux-x86_64-fedora-gcc | 1.0.0 | 86.76 | OK | |||
r-devel-windows-ix86+x86_64 | 1.0.0 | 14.00 | 102.00 | 116.00 | OK | |
r-patched-linux-x86_64 | 1.0.0 | 7.42 | 58.54 | 65.96 | NOTE | |
r-patched-solaris-x86 | 1.0.0 | 131.30 | OK | |||
r-release-linux-x86_64 | 1.0.0 | 5.80 | 59.18 | 64.98 | NOTE | |
r-release-windows-ix86+x86_64 | 1.0.0 | 16.00 | 89.00 | 105.00 | OK | |
r-release-osx-x86_64 | 1.0.0 | OK | ||||
r-oldrel-windows-ix86+x86_64 | 1.0.0 | 8.00 | 88.00 | 96.00 | OK | |
r-oldrel-osx-x86_64 | 1.0.0 | OK |
Version: 1.0.0
Check: DESCRIPTION meta-information
Result: NOTE
Dependence on R version ‘3.3.2’ not with patchlevel 0
Flavors: r-patched-linux-x86_64, r-release-linux-x86_64