Last updated on 2018-10-19 01:46:32 CEST.
Flavor | Version | Tinstall | Tcheck | Ttotal | Status | Flags |
---|---|---|---|---|---|---|
r-devel-linux-x86_64-debian-clang | 0.1-0 | 38.02 | 75.13 | 113.15 | OK | |
r-devel-linux-x86_64-debian-gcc | 0.1-0 | 33.60 | 59.80 | 93.40 | WARN | |
r-devel-linux-x86_64-fedora-clang | 0.1-0 | 152.15 | OK | |||
r-devel-linux-x86_64-fedora-gcc | 0.1-0 | 136.26 | WARN | |||
r-devel-windows-ix86+x86_64 | 0.1-0 | 93.00 | 102.00 | 195.00 | OK | |
r-patched-linux-x86_64 | 0.1-0 | 38.53 | 58.87 | 97.40 | OK | |
r-patched-solaris-x86 | 0.1-0 | 153.00 | OK | |||
r-release-linux-x86_64 | 0.1-0 | 34.68 | 59.11 | 93.79 | OK | |
r-release-windows-ix86+x86_64 | 0.1-0 | 78.00 | 127.00 | 205.00 | OK | |
r-release-osx-x86_64 | 0.1-0 | OK | ||||
r-oldrel-windows-ix86+x86_64 | 0.1-0 | 67.00 | 130.00 | 197.00 | OK | |
r-oldrel-osx-x86_64 | 0.1-0 | OK |
Version: 0.1-0
Check: whether package can be installed
Result: WARN
Found the following significant warnings:
opus_miner.cpp:90:15: warning: catching polymorphic type ‘class std::bad_alloc’ by value [-Wcatch-value=]
Flavors: r-devel-linux-x86_64-debian-gcc, r-devel-linux-x86_64-fedora-gcc