CRAN Package Check Results for Package packS4

Last updated on 2018-10-19 01:46:33 CEST.

Flavor Version Tinstall Tcheck Ttotal Status Flags
r-devel-linux-x86_64-debian-clang 0.9.3 1.36 21.98 23.34 NOTE
r-devel-linux-x86_64-debian-gcc 0.9.3 1.17 17.82 18.99 NOTE
r-devel-linux-x86_64-fedora-clang 0.9.3 27.88 NOTE
r-devel-linux-x86_64-fedora-gcc 0.9.3 26.53 NOTE
r-devel-windows-ix86+x86_64 0.9.3 7.00 36.00 43.00 NOTE
r-patched-linux-x86_64 0.9.3 1.05 20.04 21.09 NOTE
r-patched-solaris-x86 0.9.3 41.60 NOTE
r-release-linux-x86_64 0.9.3 1.09 20.36 21.45 NOTE
r-release-windows-ix86+x86_64 0.9.3 5.00 32.00 37.00 NOTE
r-release-osx-x86_64 0.9.3 NOTE
r-oldrel-windows-ix86+x86_64 0.9.3 3.00 31.00 34.00 NOTE
r-oldrel-osx-x86_64 0.9.3 NOTE

Check Details

Version: 0.9.3
Check: R code for possible problems
Result: NOTE
    [,ClassW: warning in switch(EXP = i, u1 = {: partial argument match of
     ‘EXP’ to ‘EXPR’
    [,ClassW: warning in return(x@u1): partial argument match of ‘EXP’ to
     ‘EXPR’
    [,ClassW: warning in }, u2 = {: partial argument match of ‘EXP’ to
     ‘EXPR’
    [,ClassW: warning in return(x@u2): partial argument match of ‘EXP’ to
     ‘EXPR’
    [,ClassW: warning in }, w1 = {: partial argument match of ‘EXP’ to
     ‘EXPR’
    [,ClassW: warning in return(x@w1): partial argument match of ‘EXP’ to
     ‘EXPR’
    [,ClassW: warning in }): partial argument match of ‘EXP’ to ‘EXPR’
    [<-,ClassW: warning in switch(EXP = i, u1 = {: partial argument match
     of ‘EXP’ to ‘EXPR’
    [<-,ClassW: warning in x@u1 <- value: partial argument match of ‘EXP’
     to ‘EXPR’
    [<-,ClassW: warning in }, u2 = {: partial argument match of ‘EXP’ to
     ‘EXPR’
    [<-,ClassW: warning in x@u2 <- value: partial argument match of ‘EXP’
     to ‘EXPR’
    [<-,ClassW: warning in }, w1 = {: partial argument match of ‘EXP’ to
     ‘EXPR’
    [<-,ClassW: warning in x@w1 <- value: partial argument match of ‘EXP’
     to ‘EXPR’
    [<-,ClassW: warning in }): partial argument match of ‘EXP’ to ‘EXPR’
Flavors: r-devel-linux-x86_64-debian-clang, r-devel-linux-x86_64-debian-gcc, r-devel-linux-x86_64-fedora-clang, r-devel-linux-x86_64-fedora-gcc, r-devel-windows-ix86+x86_64, r-patched-linux-x86_64, r-patched-solaris-x86, r-release-linux-x86_64, r-release-windows-ix86+x86_64, r-release-osx-x86_64, r-oldrel-windows-ix86+x86_64, r-oldrel-osx-x86_64