Last updated on 2018-10-19 01:46:33 CEST.
Flavor | Version | Tinstall | Tcheck | Ttotal | Status | Flags |
---|---|---|---|---|---|---|
r-devel-linux-x86_64-debian-clang | 0.3.3 | 37.51 | 38.52 | 76.03 | OK | |
r-devel-linux-x86_64-debian-gcc | 0.3.3 | 33.21 | 30.96 | 64.17 | OK | |
r-devel-linux-x86_64-fedora-clang | 0.3.3 | 106.19 | OK | |||
r-devel-linux-x86_64-fedora-gcc | 0.3.3 | 100.92 | OK | |||
r-devel-windows-ix86+x86_64 | 0.3.3 | 90.00 | 67.00 | 157.00 | OK | |
r-patched-linux-x86_64 | 0.3.3 | 43.45 | 35.17 | 78.62 | OK | |
r-patched-solaris-x86 | 0.3.3 | 104.00 | WARN | |||
r-release-linux-x86_64 | 0.3.3 | 38.86 | 35.55 | 74.41 | OK | |
r-release-windows-ix86+x86_64 | 0.3.3 | 77.00 | 87.00 | 164.00 | OK | |
r-release-osx-x86_64 | 0.3.3 | WARN | ||||
r-oldrel-windows-ix86+x86_64 | 0.3.3 | 67.00 | 102.00 | 169.00 | OK | |
r-oldrel-osx-x86_64 | 0.3.3 | WARN |
Version: 0.3.3
Check: re-building of vignette outputs
Result: WARN
Error in re-building vignettes:
...
Warning in engine$weave(file, quiet = quiet, encoding = enc) :
Pandoc (>= 1.12.3) and/or pandoc-citeproc not available. Falling back to R Markdown v1.
Warning in engine$weave(file, quiet = quiet, encoding = enc) :
Pandoc (>= 1.12.3) and/or pandoc-citeproc not available. Falling back to R Markdown v1.
Warning in engine$weave(file, quiet = quiet, encoding = enc) :
Pandoc (>= 1.12.3) and/or pandoc-citeproc not available. Falling back to R Markdown v1.
Quitting from lines 196-217 (progressive_packing.Rmd)
Error: processing vignette 'progressive_packing.Rmd' failed with diagnostics:
there is no package called 'webshot'
Execution halted
Flavor: r-patched-solaris-x86
Version: 0.3.3
Check: re-building of vignette outputs
Result: WARN
Error in re-building vignettes:
...
Warning in engine$weave(file, quiet = quiet, encoding = enc) :
Pandoc (>= 1.12.3) and/or pandoc-citeproc not available. Falling back to R Markdown v1.
Warning in engine$weave(file, quiet = quiet, encoding = enc) :
Pandoc (>= 1.12.3) and/or pandoc-citeproc not available. Falling back to R Markdown v1.
Warning in engine$weave(file, quiet = quiet, encoding = enc) :
Pandoc (>= 1.12.3) and/or pandoc-citeproc not available. Falling back to R Markdown v1.
Quitting from lines 196-217 (progressive_packing.Rmd)
Error: processing vignette 'progressive_packing.Rmd' failed with diagnostics:
cannot open the connection
Execution halted
Flavors: r-release-osx-x86_64, r-oldrel-osx-x86_64