CRAN Package Check Results for Package parallelSVM

Last updated on 2018-10-19 01:46:33 CEST.

Flavor Version Tinstall Tcheck Ttotal Status Flags
r-devel-linux-x86_64-debian-clang 0.1-9 1.38 22.42 23.80 NOTE
r-devel-linux-x86_64-debian-gcc 0.1-9 1.02 18.09 19.11 NOTE
r-devel-linux-x86_64-fedora-clang 0.1-9 28.04 NOTE
r-devel-linux-x86_64-fedora-gcc 0.1-9 27.07 NOTE
r-devel-windows-ix86+x86_64 0.1-9 4.00 30.00 34.00 NOTE
r-patched-linux-x86_64 0.1-9 1.14 19.91 21.05 NOTE
r-patched-solaris-x86 0.1-9 40.60 NOTE
r-release-linux-x86_64 0.1-9 1.37 20.35 21.72 NOTE
r-release-windows-ix86+x86_64 0.1-9 6.00 49.00 55.00 NOTE
r-release-osx-x86_64 0.1-9 NOTE
r-oldrel-windows-ix86+x86_64 0.1-9 2.00 47.00 49.00 NOTE
r-oldrel-osx-x86_64 0.1-9 NOTE

Check Details

Version: 0.1-9
Check: R code for possible problems
Result: NOTE
    parallelSVM.default: no visible binding for global variable ‘na.omit’
    parallelSVM.formula: no visible binding for global variable ‘na.omit’
    predict.parallelSVM: no visible binding for global variable ‘predict’
    Undefined global functions or variables:
     na.omit predict
    Consider adding
     importFrom("stats", "na.omit", "predict")
    to your NAMESPACE file.
Flavors: r-devel-linux-x86_64-debian-clang, r-devel-linux-x86_64-debian-gcc, r-devel-linux-x86_64-fedora-clang, r-devel-linux-x86_64-fedora-gcc, r-devel-windows-ix86+x86_64, r-patched-linux-x86_64, r-patched-solaris-x86, r-release-linux-x86_64, r-release-windows-ix86+x86_64, r-release-osx-x86_64, r-oldrel-windows-ix86+x86_64, r-oldrel-osx-x86_64