CRAN Package Check Results for Package parlitools

Last updated on 2018-10-19 01:46:33 CEST.

Flavor Version Tinstall Tcheck Ttotal Status Flags
r-devel-linux-x86_64-debian-clang 0.2.1 5.63 452.30 457.93 OK
r-devel-linux-x86_64-debian-gcc 0.2.1 5.48 342.38 347.86 OK
r-devel-linux-x86_64-fedora-clang 0.2.1 575.15 NOTE
r-devel-linux-x86_64-fedora-gcc 0.2.1 549.35 NOTE
r-devel-windows-ix86+x86_64 0.2.1 15.00 597.00 612.00 OK
r-patched-linux-x86_64 0.2.1 3.96 431.39 435.35 NOTE
r-patched-solaris-x86 0.2.1 131.80 NOTE --no-vignettes
r-release-linux-x86_64 0.2.1 4.21 410.38 414.59 NOTE
r-release-windows-ix86+x86_64 0.2.1 14.00 572.00 586.00 OK
r-release-osx-x86_64 0.2.1 WARN
r-oldrel-windows-ix86+x86_64 0.2.1 11.00 661.00 672.00 OK
r-oldrel-osx-x86_64 0.2.1 WARN

Check Details

Version: 0.2.1
Check: data for non-ASCII characters
Result: NOTE
     Note: found 13 marked UTF-8 strings
Flavors: r-devel-linux-x86_64-fedora-clang, r-devel-linux-x86_64-fedora-gcc, r-release-osx-x86_64, r-oldrel-osx-x86_64

Version: 0.2.1
Check: DESCRIPTION meta-information
Result: NOTE
    Dependence on R version ‘3.3.3’ not with patchlevel 0
Flavors: r-patched-linux-x86_64, r-release-linux-x86_64

Version: 0.2.1
Flags: --no-vignettes
Check: data for non-ASCII characters
Result: NOTE
     Note: found 13 marked UTF-8 strings
Flavor: r-patched-solaris-x86

Version: 0.2.1
Check: re-building of vignette outputs
Result: WARN
    Error in re-building vignettes:
     ...
    Warning in engine$weave(file, quiet = quiet, encoding = enc) :
     Pandoc (>= 1.12.3) and/or pandoc-citeproc not available. Falling back to R Markdown v1.
    Linking to GEOS 3.6.1, GDAL 2.1.3, proj.4 4.9.3
    
    Attaching package: 'dplyr'
    
    The following objects are masked from 'package:stats':
    
     filter, lag
    
    The following objects are masked from 'package:base':
    
     intersect, setdiff, setequal, union
    
    Downloading constituency data
    Warning: Column `party_id` joining character vector and factor, coercing into character vector
    PhantomJS not found. You can install it with webshot::install_phantomjs(). If it is installed, please make sure the phantomjs executable can be found via the PATH variable.
    Warning in normalizePath(f2) :
     path[1]="./webshotc2552a92add0.png": No such file or directory
    Warning in file(con, "rb") :
     cannot open file './webshotc2552a92add0.png': No such file or directory
    Quitting from lines 67-110 (introduction.Rmd)
    Error: processing vignette 'introduction.Rmd' failed with diagnostics:
    cannot open the connection
    Execution halted
Flavor: r-release-osx-x86_64

Version: 0.2.1
Check: re-building of vignette outputs
Result: WARN
    Error in re-building vignettes:
     ...
    Warning in engine$weave(file, quiet = quiet, encoding = enc) :
     Pandoc (>= 1.12.3) and/or pandoc-citeproc not available. Falling back to R Markdown v1.
    Linking to GEOS 3.6.1, GDAL 2.1.3, proj.4 4.9.3
    
    Attaching package: 'dplyr'
    
    The following objects are masked from 'package:stats':
    
     filter, lag
    
    The following objects are masked from 'package:base':
    
     intersect, setdiff, setequal, union
    
    Downloading constituency data
    Warning: Column `party_id` joining character vector and factor, coercing into character vector
    PhantomJS not found. You can install it with webshot::install_phantomjs(). If it is installed, please make sure the phantomjs executable can be found via the PATH variable.
    Warning in normalizePath(f2) :
     path[1]="./webshotff4c700f680.png": No such file or directory
    Warning in file(con, "rb") :
     cannot open file './webshotff4c700f680.png': No such file or directory
    Quitting from lines 67-110 (introduction.Rmd)
    Error: processing vignette 'introduction.Rmd' failed with diagnostics:
    cannot open the connection
    Execution halted
Flavor: r-oldrel-osx-x86_64