CRAN Package Check Results for Package pathological

Last updated on 2018-10-19 01:46:33 CEST.

Flavor Version Tinstall Tcheck Ttotal Status Flags
r-devel-linux-x86_64-debian-clang 0.1-2 2.64 308.63 311.27 OK
r-devel-linux-x86_64-debian-gcc 0.1-2 2.06 252.38 254.44 OK
r-devel-linux-x86_64-fedora-clang 0.1-2 371.58 OK
r-devel-linux-x86_64-fedora-gcc 0.1-2 391.22 OK
r-devel-windows-ix86+x86_64 0.1-2 7.00 72.00 79.00 ERROR
r-patched-linux-x86_64 0.1-2 2.19 307.16 309.35 OK
r-patched-solaris-x86 0.1-2 187.80 OK
r-release-linux-x86_64 0.1-2 2.46 310.55 313.01 OK
r-release-windows-ix86+x86_64 0.1-2 9.00 91.00 100.00 ERROR
r-release-osx-x86_64 0.1-2 OK
r-oldrel-windows-ix86+x86_64 0.1-2 4.00 109.00 113.00 ERROR
r-oldrel-osx-x86_64 0.1-2 OK

Check Details

Version: 0.1-2
Check: tests
Result: ERROR
     Running 'testthat.R' [12s]
    Running the tests in 'tests/testthat.R' failed.
    Complete output:
     > library(testthat)
     >
     > std_getwd <- function()
     + {
     + pwd <- getwd()
     + # Enforce upper case Windows drive letters
     + substring(pwd, 1, 1) <- toupper(substring(pwd, 1, 1))
     + pwd
     + }
     >
     > test_check("pathological")
     Loading required package: pathological
     -- 1. Failure: decompose_path handles paths with a unicode directory name. (@tes
     actual$dirname not equal to expected$dirname.
     1/1 mismatches
     x[1]: "D:/Rcompile/CRANpkg/local/3.6/pathological.Rcheck/tests/testthat/CRAN"
     y[1]: "D:/Rcompile/CRANpkg/local/3.6/pathological.Rcheck/tests/testthat/CRAN"
    
     -- 2. Failure: standardize_path works with missing files with ./ prefix (@test_s
     standardize_path(x) not equal to `expected`.
     1/2 mismatches
     x[1]: "D:/RCompile/CRANpkg/local/3.6/pathological.Rcheck/tests/testthat/test_dec
     x[1]: ompose_path.R"
     y[1]: "D:/Rcompile/CRANpkg/local/3.6/pathological.Rcheck/tests/testthat/test_dec
     y[1]: ompose_path.R"
    
     == testthat results ===========================================================
     OK: 186 SKIPPED: 18 FAILED: 2
     1. Failure: decompose_path handles paths with a unicode directory name. (@test_decompose_path.R#466)
     2. Failure: standardize_path works with missing files with ./ prefix (@test_standardize_path.R#198)
    
     Error: testthat unit tests failed
     Execution halted
Flavor: r-devel-windows-ix86+x86_64

Version: 0.1-2
Check: tests
Result: ERROR
     Running 'testthat.R' [13s]
    Running the tests in 'tests/testthat.R' failed.
    Complete output:
     > library(testthat)
     >
     > std_getwd <- function()
     + {
     + pwd <- getwd()
     + # Enforce upper case Windows drive letters
     + substring(pwd, 1, 1) <- toupper(substring(pwd, 1, 1))
     + pwd
     + }
     >
     > test_check("pathological")
     Loading required package: pathological
     -- 1. Failure: decompose_path handles paths with a unicode directory name. (@tes
     actual$dirname not equal to expected$dirname.
     1/1 mismatches
     x[1]: "D:/Rcompile/CRANpkg/local/3.5/pathological.Rcheck/tests/testthat/CRAN"
     y[1]: "D:/Rcompile/CRANpkg/local/3.5/pathological.Rcheck/tests/testthat/CRAN"
    
     -- 2. Failure: standardize_path works with missing files with ./ prefix (@test_s
     standardize_path(x) not equal to `expected`.
     1/2 mismatches
     x[1]: "D:/RCompile/CRANpkg/local/3.5/pathological.Rcheck/tests/testthat/test_dec
     x[1]: ompose_path.R"
     y[1]: "D:/Rcompile/CRANpkg/local/3.5/pathological.Rcheck/tests/testthat/test_dec
     y[1]: ompose_path.R"
    
     == testthat results ===========================================================
     OK: 186 SKIPPED: 18 FAILED: 2
     1. Failure: decompose_path handles paths with a unicode directory name. (@test_decompose_path.R#466)
     2. Failure: standardize_path works with missing files with ./ prefix (@test_standardize_path.R#198)
    
     Error: testthat unit tests failed
     Execution halted
Flavor: r-release-windows-ix86+x86_64

Version: 0.1-2
Check: tests
Result: ERROR
     Running 'testthat.R' [14s]
    Running the tests in 'tests/testthat.R' failed.
    Complete output:
     > library(testthat)
     >
     > std_getwd <- function()
     + {
     + pwd <- getwd()
     + # Enforce upper case Windows drive letters
     + substring(pwd, 1, 1) <- toupper(substring(pwd, 1, 1))
     + pwd
     + }
     >
     > test_check("pathological")
     Loading required package: pathological
     -- 1. Failure: standardize_path works with missing files with ./ prefix (@test_s
     standardize_path(x) not equal to `expected`.
     1/2 mismatches
     x[1]: "D:/RCompile/CRANpkg/local/3.4/pathological.Rcheck/tests/testthat/test_dec
     x[1]: ompose_path.R"
     y[1]: "D:/Rcompile/CRANpkg/local/3.4/pathological.Rcheck/tests/testthat/test_dec
     y[1]: ompose_path.R"
    
     == testthat results ===========================================================
     OK: 187 SKIPPED: 18 FAILED: 1
     1. Failure: standardize_path works with missing files with ./ prefix (@test_standardize_path.R#198)
    
     Error: testthat unit tests failed
     Execution halted
Flavor: r-oldrel-windows-ix86+x86_64