CRAN Package Check Results for Package pdR

Last updated on 2018-10-19 01:46:34 CEST.

Flavor Version Tinstall Tcheck Ttotal Status Flags
r-devel-linux-x86_64-debian-clang 1.5 5.47 54.67 60.14 OK
r-devel-linux-x86_64-debian-gcc 1.5 4.97 45.22 50.19 OK
r-devel-linux-x86_64-fedora-clang 1.5 77.41 NOTE
r-devel-linux-x86_64-fedora-gcc 1.5 75.45 NOTE
r-devel-windows-ix86+x86_64 1.5 14.00 64.00 78.00 OK
r-patched-linux-x86_64 1.5 5.45 52.54 57.99 OK
r-patched-solaris-x86 1.5 100.00 NOTE
r-release-linux-x86_64 1.5 5.59 44.45 50.04 OK
r-release-windows-ix86+x86_64 1.5 18.00 96.00 114.00 OK
r-release-osx-x86_64 1.5 NOTE
r-oldrel-windows-ix86+x86_64 1.5 9.00 110.00 119.00 OK
r-oldrel-osx-x86_64 1.5 NOTE

Check Details

Version: 1.5
Check: dependencies in R code
Result: NOTE
    Namespaces in Imports field not imported from:
     ‘car’ ‘sandwich’
     All declared Imports should be used.
Flavors: r-devel-linux-x86_64-fedora-clang, r-devel-linux-x86_64-fedora-gcc, r-patched-solaris-x86, r-release-osx-x86_64, r-oldrel-osx-x86_64