Last updated on 2018-10-19 01:46:34 CEST.
Flavor | Version | Tinstall | Tcheck | Ttotal | Status | Flags |
---|---|---|---|---|---|---|
r-devel-linux-x86_64-debian-clang | 1.0-2 | 5.09 | 42.09 | 47.18 | NOTE | |
r-devel-linux-x86_64-debian-gcc | 1.0-2 | 4.25 | 33.90 | 38.15 | NOTE | |
r-devel-linux-x86_64-fedora-clang | 1.0-2 | 58.69 | NOTE | |||
r-devel-linux-x86_64-fedora-gcc | 1.0-2 | 57.01 | NOTE | |||
r-devel-windows-ix86+x86_64 | 1.0-2 | 16.00 | 75.00 | 91.00 | NOTE | |
r-patched-linux-x86_64 | 1.0-2 | 5.95 | 41.06 | 47.01 | NOTE | |
r-patched-solaris-x86 | 1.0-2 | 80.30 | NOTE | |||
r-release-linux-x86_64 | 1.0-2 | 5.04 | 39.32 | 44.36 | NOTE | |
r-release-windows-ix86+x86_64 | 1.0-2 | 13.00 | 104.00 | 117.00 | NOTE | |
r-release-osx-x86_64 | 1.0-2 | NOTE | ||||
r-oldrel-windows-ix86+x86_64 | 1.0-2 | 10.00 | 105.00 | 115.00 | NOTE | |
r-oldrel-osx-x86_64 | 1.0-2 | NOTE |
Version: 1.0-2
Check: S3 generic/method consistency
Result: NOTE
Found the following apparent S3 methods exported but not registered:
plot.dbs plot.kepdf plot.pdfCluster summary.dbs summary.kepdf
summary.pdfCluster
See section ‘Registering S3 methods’ in the ‘Writing R Extensions’
manual.
Flavors: r-devel-linux-x86_64-debian-clang, r-devel-linux-x86_64-debian-gcc, r-devel-linux-x86_64-fedora-clang, r-devel-linux-x86_64-fedora-gcc, r-patched-linux-x86_64, r-patched-solaris-x86, r-release-linux-x86_64
Version: 1.0-2
Check: R code for possible problems
Result: NOTE
graph.del: no visible global function definition for ‘var’
h.norm: no visible global function definition for ‘var’
matrix.connected.C: no visible global function definition for ‘combn’
num.con: no visible global function definition for ‘quantile’
pdfClassification: no visible global function definition for ‘quantile’
pdfCluster.data: no visible global function definition for ‘na.omit’
plot.dbs: no visible global function definition for ‘median’
plot.dbs: no visible global function definition for ‘segments’
plot.dbs: no visible global function definition for ‘text’
plot.dbs: no visible global function definition for ‘axis’
plot.kepdf1d: no visible binding for global variable ‘extendrange’
plot.kepdf1d: no visible global function definition for ‘lines’
plot.kepdf1d: no visible global function definition for ‘rug’
plot.kepdf2d: no visible binding for global variable ‘extendrange’
plot.kepdf2d: no visible global function definition for ‘heat.colors’
plot.kepdf2d: no visible global function definition for ‘image’
plot.kepdf2d: no visible global function definition for ‘persp’
plot.kepdf2d: no visible global function definition for ‘quantile’
plot.kepdf2d: no visible global function definition for ‘contour’
plot.kepdf2d: no visible global function definition for ‘points’
plot.kepdfdd : textPanel: no visible global function definition for
‘text’
plot.kepdfdd : localAxis: no visible global function definition for
‘Axis’
plot.kepdfdd: no visible global function definition for ‘par’
plot.kepdfdd: no visible global function definition for ‘text’
plot.kepdfdd: no visible global function definition for ‘box’
plot.kepdfdd: no visible global function definition for ‘axis’
plot.kepdfdd: no visible global function definition for ‘mtext’
plot.pdfCluster: no visible global function definition for ‘par’
plot.pdfCluster: no visible global function definition for ‘axis’
plot.pdfCluster: no visible global function definition for ‘title’
plot.pdfCluster: no visible global function definition for ‘pairs’
summary.kepdf: no visible global function definition for ‘quantile’
summary.pdfCluster: no visible global function definition for ‘str’
pdfCluster,data.frame: no visible global function definition for
‘na.omit’
pdfCluster,matrix: no visible global function definition for ‘na.omit’
pdfCluster,numeric: no visible global function definition for ‘na.omit’
plot,dbs-missing: no visible global function definition for ‘median’
plot,dbs-missing: no visible global function definition for ‘segments’
plot,dbs-missing: no visible global function definition for ‘text’
plot,dbs-missing: no visible global function definition for ‘axis’
plot,pdfCluster-missing: no visible global function definition for
‘par’
plot,pdfCluster-missing: no visible global function definition for
‘axis’
plot,pdfCluster-missing: no visible global function definition for
‘title’
plot,pdfCluster-missing: no visible global function definition for
‘pairs’
show,pdfCluster: no visible global function definition for ‘str’
summary,kepdf: no visible global function definition for ‘quantile’
summary,pdfCluster: no visible global function definition for ‘str’
Undefined global functions or variables:
Axis axis box combn contour extendrange heat.colors image lines
median mtext na.omit pairs par persp points quantile rug segments str
text title var
Consider adding
importFrom("grDevices", "extendrange", "heat.colors")
importFrom("graphics", "Axis", "axis", "box", "contour", "image",
"lines", "mtext", "pairs", "par", "persp", "points", "rug",
"segments", "text", "title")
importFrom("stats", "median", "na.omit", "quantile", "var")
importFrom("utils", "combn", "str")
to your NAMESPACE file.
Flavors: r-devel-linux-x86_64-debian-clang, r-devel-linux-x86_64-debian-gcc, r-devel-linux-x86_64-fedora-clang, r-devel-linux-x86_64-fedora-gcc, r-devel-windows-ix86+x86_64, r-patched-linux-x86_64, r-patched-solaris-x86, r-release-linux-x86_64, r-release-windows-ix86+x86_64, r-release-osx-x86_64, r-oldrel-windows-ix86+x86_64, r-oldrel-osx-x86_64
Version: 1.0-2
Check: compiled code
Result: NOTE
File ‘pdfCluster/libs/pdfCluster.so’:
Found no calls to: ‘R_registerRoutines’, ‘R_useDynamicSymbols’
It is good practice to register native routines and to disable symbol
search.
See ‘Writing portable packages’ in the ‘Writing R Extensions’ manual.
Flavors: r-devel-linux-x86_64-fedora-clang, r-devel-linux-x86_64-fedora-gcc