Last updated on 2018-10-19 01:46:34 CEST.
Flavor | Version | Tinstall | Tcheck | Ttotal | Status | Flags |
---|---|---|---|---|---|---|
r-devel-linux-x86_64-debian-clang | 0.5.0 | 7.34 | 88.49 | 95.83 | OK | |
r-devel-linux-x86_64-debian-gcc | 0.5.0 | 5.41 | 68.45 | 73.86 | OK | |
r-devel-linux-x86_64-fedora-clang | 0.5.0 | 114.33 | NOTE | |||
r-devel-linux-x86_64-fedora-gcc | 0.5.0 | 110.01 | NOTE | |||
r-devel-windows-ix86+x86_64 | 0.5.0 | 18.00 | 90.00 | 108.00 | WARN | |
r-patched-linux-x86_64 | 0.5.0 | 5.70 | 70.35 | 76.05 | OK | |
r-patched-solaris-x86 | 0.5.0 | 145.50 | NOTE | |||
r-release-linux-x86_64 | 0.5.0 | 4.23 | 70.78 | 75.01 | OK | |
r-release-windows-ix86+x86_64 | 0.5.0 | 18.00 | 110.00 | 128.00 | WARN | |
r-release-osx-x86_64 | 0.5.0 | NOTE | ||||
r-oldrel-windows-ix86+x86_64 | 0.5.0 | 11.00 | 127.00 | 138.00 | OK | |
r-oldrel-osx-x86_64 | 0.5.0 | NOTE |
Version: 0.5.0
Check: dependencies in R code
Result: NOTE
Namespace in Imports field not imported from: ‘rms’
All declared Imports should be used.
Flavors: r-devel-linux-x86_64-fedora-clang, r-devel-linux-x86_64-fedora-gcc, r-patched-solaris-x86, r-release-osx-x86_64, r-oldrel-osx-x86_64
Version: 0.5.0
Check: whether package can be installed
Result: WARN
Found the following significant warnings:
Warning: S3 methods '[.fun_list', '[.grouped_df', 'all.equal.tbl_df', 'anti_join.data.frame', 'anti_join.tbl_df', 'arrange.data.frame', 'arrange.default', 'arrange.grouped_df', 'arrange.tbl_df', 'arrange_.data.frame', 'arrange_.tbl_df', 'as.data.frame.grouped_df', 'as.data.frame.rowwise_df', 'as.data.frame.tbl_cube', 'as.data.frame.tbl_df', 'as.table.tbl_cube', 'as.tbl.data.frame', 'as.tbl.tbl', 'as.tbl_cube.array', 'as.tbl_cube.data.frame', 'as.tbl_cube.matrix', 'as.tbl_cube.table', 'as_data_frame.grouped_df', 'as_data_frame.tbl_cube', 'auto_copy.tbl_cube', 'auto_copy.tbl_df', 'cbind.grouped_df', 'collapse.data.frame', 'collect.data.frame', 'common_by.NULL', 'common_by.character', 'common_by.default', 'common_by.list', 'compute.data.frame', 'copy_to.DBIConnection', 'copy_to.src_local', 'default_missing.data.frame', 'default_missing.default', 'dim.tbl_cube', 'distinct.data.frame', 'distinct.default', 'distinct.grouped_df', 'distinct.tbl_df', 'distinct_.data.frame', 'distinct_.grouped_df', 'dist [... truncated]
Flavors: r-devel-windows-ix86+x86_64, r-release-windows-ix86+x86_64