CRAN Package Check Results for Package phylin

Last updated on 2018-10-19 01:46:34 CEST.

Flavor Version Tinstall Tcheck Ttotal Status Flags
r-devel-linux-x86_64-debian-clang 1.1.1 2.24 565.33 567.57 OK
r-devel-linux-x86_64-debian-gcc 1.1.1 1.38 402.53 403.91 OK
r-devel-linux-x86_64-fedora-clang 1.1.1 684.57 OK
r-devel-linux-x86_64-fedora-gcc 1.1.1 678.03 OK
r-devel-windows-ix86+x86_64 1.1.1 5.00 54.00 59.00 OK --no-vignettes
r-patched-linux-x86_64 1.1.1 1.47 565.72 567.19 OK
r-patched-solaris-x86 1.1.1 752.00 OK
r-release-linux-x86_64 1.1.1 1.60 560.65 562.25 OK
r-release-windows-ix86+x86_64 1.1.1 4.00 75.00 79.00 OK --no-vignettes
r-release-osx-x86_64 1.1.1 OK
r-oldrel-windows-ix86+x86_64 1.1.1 3.00 73.00 76.00 OK --no-vignettes
r-oldrel-osx-x86_64 1.1.1 FAIL

Check Details

Version: 1.1.1
Check: re-building of vignette outputs
Result: NOTE
    Error in re-building vignettes:
     ...
    
    Execution halted
Flavor: r-oldrel-osx-x86_64

Version: 1.1.1
Check: PDF version of manual
Result: FAIL
    
Flavor: r-oldrel-osx-x86_64