CRAN Package Check Results for Package picasso

Last updated on 2018-10-19 01:46:34 CEST.

Flavor Version Tinstall Tcheck Ttotal Status Flags
r-devel-linux-x86_64-debian-clang 1.3.0 15.49 70.48 85.97 OK
r-devel-linux-x86_64-debian-gcc 1.3.0 14.24 56.60 70.84 OK
r-devel-linux-x86_64-fedora-clang 1.3.0 106.17 NOTE
r-devel-linux-x86_64-fedora-gcc 1.3.0 102.56 OK
r-devel-windows-ix86+x86_64 1.3.0 37.00 158.00 195.00 OK
r-patched-linux-x86_64 1.3.0 17.15 60.78 77.93 OK
r-patched-solaris-x86 1.3.0 123.90 OK
r-release-linux-x86_64 1.3.0 14.49 60.79 75.28 OK
r-release-windows-ix86+x86_64 1.3.0 29.00 130.00 159.00 OK
r-release-osx-x86_64 1.3.0 NOTE
r-oldrel-windows-ix86+x86_64 1.3.0 26.00 90.00 116.00 OK
r-oldrel-osx-x86_64 1.3.0 NOTE

Check Details

Version: 1.3.0
Check: installed package size
Result: NOTE
     installed size is 6.2Mb
     sub-directories of 1Mb or more:
     libs 5.1Mb
Flavors: r-devel-linux-x86_64-fedora-clang, r-release-osx-x86_64, r-oldrel-osx-x86_64