Last updated on 2018-10-19 01:46:34 CEST.
Flavor | Version | Tinstall | Tcheck | Ttotal | Status | Flags |
---|---|---|---|---|---|---|
r-devel-linux-x86_64-debian-clang | 0.27 | 5.75 | 50.59 | 56.34 | OK | |
r-devel-linux-x86_64-debian-gcc | 0.27 | 5.65 | 39.52 | 45.17 | OK | |
r-devel-linux-x86_64-fedora-clang | 0.27 | 100.59 | NOTE | |||
r-devel-linux-x86_64-fedora-gcc | 0.27 | 102.07 | NOTE | |||
r-devel-windows-ix86+x86_64 | 0.27 | 21.00 | 74.00 | 95.00 | OK | |
r-patched-linux-x86_64 | 0.27 | 6.48 | 47.63 | 54.11 | OK | |
r-patched-solaris-x86 | 0.27 | 86.70 | NOTE | |||
r-release-linux-x86_64 | 0.27 | 7.65 | 48.42 | 56.07 | OK | |
r-release-windows-ix86+x86_64 | 0.27 | 14.00 | 99.00 | 113.00 | OK | |
r-release-osx-x86_64 | 0.27 | NOTE | ||||
r-oldrel-windows-ix86+x86_64 | 0.27 | 8.00 | 76.00 | 84.00 | OK | |
r-oldrel-osx-x86_64 | 0.27 | NOTE |
Version: 0.27
Check: dependencies in R code
Result: NOTE
Namespaces in Imports field not imported from:
‘magrittr’ ‘stringi’
All declared Imports should be used.
Flavors: r-devel-linux-x86_64-fedora-clang, r-devel-linux-x86_64-fedora-gcc, r-patched-solaris-x86, r-release-osx-x86_64, r-oldrel-osx-x86_64