CRAN Package Check Results for Package plotrr

Last updated on 2018-10-19 01:46:34 CEST.

Flavor Version Tinstall Tcheck Ttotal Status Flags
r-devel-linux-x86_64-debian-clang 1.0.0 1.21 40.42 41.63 OK
r-devel-linux-x86_64-debian-gcc 1.0.0 1.00 32.16 33.16 OK
r-devel-linux-x86_64-fedora-clang 1.0.0 49.47 NOTE
r-devel-linux-x86_64-fedora-gcc 1.0.0 49.25 NOTE
r-devel-windows-ix86+x86_64 1.0.0 4.00 77.00 81.00 OK
r-patched-linux-x86_64 1.0.0 1.14 38.58 39.72 OK
r-patched-solaris-x86 1.0.0 66.50 NOTE
r-release-linux-x86_64 1.0.0 1.12 39.36 40.48 OK
r-release-windows-ix86+x86_64 1.0.0 4.00 78.00 82.00 OK
r-release-osx-x86_64 1.0.0 NOTE
r-oldrel-windows-ix86+x86_64 1.0.0 3.00 51.00 54.00 OK
r-oldrel-osx-x86_64 1.0.0 NOTE

Check Details

Version: 1.0.0
Check: dependencies in R code
Result: NOTE
    Namespaces in Imports field not imported from:
     ‘dplyr’ ‘stats’
     All declared Imports should be used.
Flavors: r-devel-linux-x86_64-fedora-clang, r-devel-linux-x86_64-fedora-gcc, r-patched-solaris-x86, r-release-osx-x86_64, r-oldrel-osx-x86_64