Last updated on 2018-10-19 01:46:35 CEST.
Flavor | Version | Tinstall | Tcheck | Ttotal | Status | Flags |
---|---|---|---|---|---|---|
r-devel-linux-x86_64-debian-clang | 1.0.0 | 1.11 | 68.73 | 69.84 | OK | |
r-devel-linux-x86_64-debian-gcc | 1.0.0 | 0.94 | 53.63 | 54.57 | OK | |
r-devel-linux-x86_64-fedora-clang | 1.0.0 | 82.89 | OK | |||
r-devel-linux-x86_64-fedora-gcc | 1.0.0 | 81.73 | OK | |||
r-devel-windows-ix86+x86_64 | 1.0.0 | 4.00 | 79.00 | 83.00 | OK | |
r-patched-linux-x86_64 | 1.0.0 | 1.12 | 68.35 | 69.47 | OK | |
r-patched-solaris-x86 | 1.0.0 | 109.50 | ERROR | |||
r-release-linux-x86_64 | 1.0.0 | 1.13 | 68.53 | 69.66 | OK | |
r-release-windows-ix86+x86_64 | 1.0.0 | 3.00 | 102.00 | 105.00 | OK | |
r-release-osx-x86_64 | 1.0.0 | OK | ||||
r-oldrel-windows-ix86+x86_64 | 1.0.0 | 2.00 | 90.00 | 92.00 | OK | |
r-oldrel-osx-x86_64 | 1.0.0 | OK |
Version: 1.0.0
Check: tests
Result: ERROR
Running ‘testthat.R’ [57s/66s]
Running the tests in ‘tests/testthat.R’ failed.
Complete output:
> library(testthat)
> library(pmultinom)
>
> test_check("pmultinom")
── 1. Failure: Correct behavior when target probability is 0 or 1 (@test_invertp
invert.pmultinom(...) not equal to 0.
1/1 mismatches
[1] 3 - 0 == 3
══ testthat results ═══════════════════════════════════════════════════════════
OK: 1561 SKIPPED: 0 FAILED: 1
1. Failure: Correct behavior when target probability is 0 or 1 (@test_invertpmultinom.R#37)
Error: testthat unit tests failed
Execution halted
Flavor: r-patched-solaris-x86