Last updated on 2018-10-19 01:46:35 CEST.
Flavor | Version | Tinstall | Tcheck | Ttotal | Status | Flags |
---|---|---|---|---|---|---|
r-devel-linux-x86_64-debian-clang | 1.0-8 | 4.18 | 17.24 | 21.42 | NOTE | |
r-devel-linux-x86_64-debian-gcc | 1.0-8 | 2.70 | 13.85 | 16.55 | NOTE | |
r-devel-linux-x86_64-fedora-clang | 1.0-8 | 24.64 | NOTE | |||
r-devel-linux-x86_64-fedora-gcc | 1.0-8 | 23.38 | NOTE | |||
r-devel-windows-ix86+x86_64 | 1.0-8 | 9.00 | 40.00 | 49.00 | NOTE | |
r-patched-linux-x86_64 | 1.0-8 | 3.06 | 15.38 | 18.44 | NOTE | |
r-patched-solaris-x86 | 1.0-8 | 34.90 | NOTE | |||
r-release-linux-x86_64 | 1.0-8 | 3.04 | 15.63 | 18.67 | NOTE | |
r-release-windows-ix86+x86_64 | 1.0-8 | 10.00 | 33.00 | 43.00 | NOTE | |
r-release-osx-x86_64 | 1.0-8 | NOTE | ||||
r-oldrel-windows-ix86+x86_64 | 1.0-8 | 5.00 | 32.00 | 37.00 | NOTE | |
r-oldrel-osx-x86_64 | 1.0-8 | NOTE |
Version: 1.0-8
Check: R code for possible problems
Result: NOTE
NB: .First.lib is obsolete and will not be used in R >= 3.0.0
Flavors: r-devel-linux-x86_64-debian-clang, r-devel-linux-x86_64-debian-gcc, r-devel-linux-x86_64-fedora-clang, r-devel-linux-x86_64-fedora-gcc, r-devel-windows-ix86+x86_64, r-patched-linux-x86_64, r-patched-solaris-x86, r-release-linux-x86_64, r-release-windows-ix86+x86_64, r-release-osx-x86_64, r-oldrel-windows-ix86+x86_64, r-oldrel-osx-x86_64
Version: 1.0-8
Check: compiled code
Result: NOTE
File ‘proj4/libs/proj4.so’:
Found no calls to: ‘R_registerRoutines’, ‘R_useDynamicSymbols’
It is good practice to register native routines and to disable symbol
search.
See ‘Writing portable packages’ in the ‘Writing R Extensions’ manual.
Flavors: r-devel-linux-x86_64-fedora-clang, r-devel-linux-x86_64-fedora-gcc