Last updated on 2018-10-19 01:46:36 CEST.
Flavor | Version | Tinstall | Tcheck | Ttotal | Status | Flags |
---|---|---|---|---|---|---|
r-devel-linux-x86_64-debian-clang | 1.4-1 | 12.36 | 138.19 | 150.55 | OK | |
r-devel-linux-x86_64-debian-gcc | 1.4-1 | 11.64 | 106.84 | 118.48 | OK | |
r-devel-linux-x86_64-fedora-clang | 1.4-1 | 174.96 | NOTE | |||
r-devel-linux-x86_64-fedora-gcc | 1.4-1 | 171.94 | OK | |||
r-devel-windows-ix86+x86_64 | 1.4-1 | 37.00 | 258.00 | 295.00 | OK | |
r-patched-linux-x86_64 | 1.4-1 | 11.55 | 123.87 | 135.42 | OK | |
r-patched-solaris-x86 | 1.4-1 | 228.90 | NOTE | |||
r-release-linux-x86_64 | 1.4-1 | 11.49 | 124.20 | 135.69 | OK | |
r-release-windows-ix86+x86_64 | 1.4-1 | 33.00 | 251.00 | 284.00 | OK | |
r-release-osx-x86_64 | 1.4-1 | WARN | ||||
r-oldrel-windows-ix86+x86_64 | 1.4-1 | 25.00 | 243.00 | 268.00 | OK | |
r-oldrel-osx-x86_64 | 1.4-1 | WARN |
Version: 1.4-1
Check: installed package size
Result: NOTE
installed size is 5.0Mb
sub-directories of 1Mb or more:
data 3.7Mb
Flavors: r-devel-linux-x86_64-fedora-clang, r-patched-solaris-x86
Version: 1.4-1
Check: whether package can be installed
Result: WARN
Found the following significant warnings:
Warning: 'rgl_init' failed, running with rgl.useNULL = TRUE
Flavors: r-release-osx-x86_64, r-oldrel-osx-x86_64