CRAN Package Check Results for Package quadrupen

Last updated on 2018-10-19 01:46:37 CEST.

Flavor Version Tinstall Tcheck Ttotal Status Flags
r-devel-linux-x86_64-debian-clang 0.2-6 101.97 85.41 187.38 OK
r-devel-linux-x86_64-debian-gcc 0.2-6 83.81 68.86 152.67 OK
r-devel-linux-x86_64-fedora-clang 0.2-6 255.20 NOTE
r-devel-linux-x86_64-fedora-gcc 0.2-6 230.82 OK
r-devel-windows-ix86+x86_64 0.2-6 233.00 128.00 361.00 OK
r-patched-linux-x86_64 0.2-6 93.75 68.98 162.73 OK
r-patched-solaris-x86 0.2-6 234.20 OK
r-release-linux-x86_64 0.2-6 100.11 69.61 169.72 OK
r-release-windows-ix86+x86_64 0.2-6 243.00 151.00 394.00 OK
r-release-osx-x86_64 0.2-6 NOTE
r-oldrel-windows-ix86+x86_64 0.2-6 167.00 159.00 326.00 OK
r-oldrel-osx-x86_64 0.2-6 NOTE

Check Details

Version: 0.2-6
Check: installed package size
Result: NOTE
     installed size is 8.8Mb
     sub-directories of 1Mb or more:
     libs 8.4Mb
Flavors: r-devel-linux-x86_64-fedora-clang, r-release-osx-x86_64, r-oldrel-osx-x86_64