CRAN Package Check Results for Package rSFA

Last updated on 2018-10-19 01:46:40 CEST.

Flavor Version Tinstall Tcheck Ttotal Status Flags
r-devel-linux-x86_64-debian-clang 1.04 2.04 24.17 26.21 NOTE
r-devel-linux-x86_64-debian-gcc 1.04 2.08 19.74 21.82 NOTE
r-devel-linux-x86_64-fedora-clang 1.04 31.47 NOTE
r-devel-linux-x86_64-fedora-gcc 1.04 29.74 NOTE
r-devel-windows-ix86+x86_64 1.04 6.00 53.00 59.00 NOTE
r-patched-linux-x86_64 1.04 1.99 22.49 24.48 NOTE
r-patched-solaris-x86 1.04 43.00 NOTE
r-release-linux-x86_64 1.04 1.62 22.87 24.49 NOTE
r-release-windows-ix86+x86_64 1.04 5.00 46.00 51.00 NOTE
r-release-osx-x86_64 1.04 NOTE
r-oldrel-windows-ix86+x86_64 1.04 3.00 44.00 47.00 NOTE
r-oldrel-osx-x86_64 1.04 NOTE

Check Details

Version: 1.04
Check: R code for possible problems
Result: NOTE
    addNoisyCopies: no visible global function definition for ‘rnorm’
    eta: no visible global function definition for ‘var’
    gaussClassifier: no visible global function definition for ‘runif’
    getSigma: no visible global function definition for ‘sd’
    getSigma: no visible binding for global variable ‘sd’
    sfaClassify: no visible global function definition for ‘rainbow’
    sfaClassify: no visible global function definition for ‘par’
    sfaClassify: no visible global function definition for ‘plot’
    sfaClassify: no visible global function definition for ‘points’
    sfaClassify: no visible global function definition for ‘lines’
    Undefined global functions or variables:
     lines par plot points rainbow rnorm runif sd var
    Consider adding
     importFrom("grDevices", "rainbow")
     importFrom("graphics", "lines", "par", "plot", "points")
     importFrom("stats", "rnorm", "runif", "sd", "var")
    to your NAMESPACE file.
Flavors: r-devel-linux-x86_64-debian-clang, r-devel-linux-x86_64-debian-gcc, r-devel-linux-x86_64-fedora-clang, r-devel-linux-x86_64-fedora-gcc, r-devel-windows-ix86+x86_64, r-patched-linux-x86_64, r-patched-solaris-x86, r-release-linux-x86_64, r-release-windows-ix86+x86_64, r-release-osx-x86_64, r-oldrel-windows-ix86+x86_64, r-oldrel-osx-x86_64