CRAN Package Check Results for Package rbokeh

Last updated on 2018-10-19 01:46:37 CEST.

Flavor Version Tinstall Tcheck Ttotal Status Flags
r-devel-linux-x86_64-debian-clang 0.5.0 9.83 100.05 109.88 OK
r-devel-linux-x86_64-debian-gcc 0.5.0 9.26 76.98 86.24 OK
r-devel-linux-x86_64-fedora-clang 0.5.0 130.60 NOTE
r-devel-linux-x86_64-fedora-gcc 0.5.0 123.00 NOTE
r-devel-windows-ix86+x86_64 0.5.0 21.00 127.00 148.00 OK
r-patched-linux-x86_64 0.5.0 7.15 91.62 98.77 OK
r-patched-solaris-x86 0.5.0 160.80 NOTE
r-release-linux-x86_64 0.5.0 7.90 90.43 98.33 OK
r-release-windows-ix86+x86_64 0.5.0 22.00 168.00 190.00 OK
r-release-osx-x86_64 0.5.0 NOTE
r-oldrel-windows-ix86+x86_64 0.5.0 11.00 167.00 178.00 OK
r-oldrel-osx-x86_64 0.5.0 NOTE

Check Details

Version: 0.5.0
Check: dependencies in R code
Result: NOTE
    Namespace in Imports field not imported from: ‘ggplot2’
     All declared Imports should be used.
Flavors: r-devel-linux-x86_64-fedora-clang, r-devel-linux-x86_64-fedora-gcc, r-patched-solaris-x86, r-release-osx-x86_64, r-oldrel-osx-x86_64