CRAN Package Check Results for Package readtext

Last updated on 2018-10-19 01:46:38 CEST.

Flavor Version Tinstall Tcheck Ttotal Status Flags
r-devel-linux-x86_64-debian-clang 0.71 3.37 64.28 67.65 OK
r-devel-linux-x86_64-debian-gcc 0.71 2.56 51.81 54.37 OK
r-devel-linux-x86_64-fedora-clang 0.71 80.31 NOTE
r-devel-linux-x86_64-fedora-gcc 0.71 78.55 NOTE
r-devel-windows-ix86+x86_64 0.71 9.00 74.00 83.00 OK
r-patched-linux-x86_64 0.71 2.30 58.76 61.06 OK
r-patched-solaris-x86 0.71 121.60 NOTE
r-release-linux-x86_64 0.71 3.08 58.36 61.44 OK
r-release-windows-ix86+x86_64 0.71 12.00 98.00 110.00 OK
r-release-osx-x86_64 0.71 NOTE
r-oldrel-windows-ix86+x86_64 0.71 7.00 101.00 108.00 OK
r-oldrel-osx-x86_64 0.71 NOTE

Check Details

Version: 0.71
Check: data for non-ASCII characters
Result: NOTE
     Note: found 1 marked Latin-1 string
     Note: found 1 marked UTF-8 string
     Note: found 7 strings marked as "bytes"
Flavors: r-devel-linux-x86_64-fedora-clang, r-devel-linux-x86_64-fedora-gcc, r-patched-solaris-x86, r-release-osx-x86_64, r-oldrel-osx-x86_64