CRAN Package Check Results for Package refimpact

Last updated on 2018-10-19 01:46:38 CEST.

Flavor Version Tinstall Tcheck Ttotal Status Flags
r-devel-linux-x86_64-debian-clang 1.0.0 1.54 26.17 27.71 OK
r-devel-linux-x86_64-debian-gcc 1.0.0 1.11 20.94 22.05 OK
r-devel-linux-x86_64-fedora-clang 1.0.0 32.48 NOTE
r-devel-linux-x86_64-fedora-gcc 1.0.0 30.86 NOTE
r-devel-windows-ix86+x86_64 1.0.0 5.00 50.00 55.00 OK
r-patched-linux-x86_64 1.0.0 1.35 23.70 25.05 OK
r-patched-solaris-x86 1.0.0 44.20 NOTE
r-release-linux-x86_64 1.0.0 1.54 24.08 25.62 OK
r-release-windows-ix86+x86_64 1.0.0 4.00 60.00 64.00 OK
r-release-osx-x86_64 1.0.0 NOTE
r-oldrel-windows-ix86+x86_64 1.0.0 3.00 67.00 70.00 OK
r-oldrel-osx-x86_64 1.0.0 NOTE

Check Details

Version: 1.0.0
Check: dependencies in R code
Result: NOTE
    Namespace in Imports field not imported from: ‘curl’
     All declared Imports should be used.
Flavors: r-devel-linux-x86_64-fedora-clang, r-devel-linux-x86_64-fedora-gcc, r-patched-solaris-x86, r-release-osx-x86_64, r-oldrel-osx-x86_64

Version: 1.0.0
Check: data for non-ASCII characters
Result: NOTE
     Note: found 85 marked UTF-8 strings
Flavors: r-devel-linux-x86_64-fedora-clang, r-devel-linux-x86_64-fedora-gcc, r-patched-solaris-x86, r-release-osx-x86_64, r-oldrel-osx-x86_64