CRAN Package Check Results for Package rgeos

Last updated on 2018-10-19 01:46:39 CEST.

Flavor Version Tinstall Tcheck Ttotal Status Flags
r-devel-linux-x86_64-debian-clang 0.3-28 13.78 54.42 68.20 OK
r-devel-linux-x86_64-debian-gcc 0.3-28 10.94 43.97 54.91 OK
r-devel-linux-x86_64-fedora-clang 0.3-28 79.56 OK
r-devel-linux-x86_64-fedora-gcc 0.3-28 77.49 OK
r-devel-windows-ix86+x86_64 0.3-28 163.00 140.00 303.00 OK
r-patched-linux-x86_64 0.3-28 13.47 48.74 62.21 OK
r-patched-solaris-x86 0.3-28 98.40 OK
r-release-linux-x86_64 0.3-28 12.26 48.75 61.01 OK
r-release-windows-ix86+x86_64 0.3-28 112.00 129.00 241.00 OK
r-release-osx-x86_64 0.3-28 NOTE
r-oldrel-windows-ix86+x86_64 0.3-28 100.00 134.00 234.00 OK
r-oldrel-osx-x86_64 0.3-28 NOTE

Check Details

Version: 0.3-28
Check: installed package size
Result: NOTE
     installed size is 16.2Mb
     sub-directories of 1Mb or more:
     libs 15.4Mb
Flavors: r-release-osx-x86_64, r-oldrel-osx-x86_64