Last updated on 2018-10-19 01:46:39 CEST.
Flavor | Version | Tinstall | Tcheck | Ttotal | Status | Flags |
---|---|---|---|---|---|---|
r-devel-linux-x86_64-debian-clang | 1.3-5 | 128.25 | 204.32 | 332.57 | OK | |
r-devel-linux-x86_64-debian-gcc | 1.3-5 | 102.58 | 159.93 | 262.51 | OK | |
r-devel-linux-x86_64-fedora-clang | 1.3-5 | 433.83 | NOTE | |||
r-devel-linux-x86_64-fedora-gcc | 1.3-5 | 406.22 | OK | |||
r-devel-windows-ix86+x86_64 | 1.3-5 | 252.00 | 316.00 | 568.00 | NOTE | |
r-patched-linux-x86_64 | 1.3-5 | 116.98 | 195.29 | 312.27 | OK | |
r-patched-solaris-x86 | 1.3-5 | 382.20 | OK | |||
r-release-linux-x86_64 | 1.3-5 | 121.83 | 193.43 | 315.26 | OK | |
r-release-windows-ix86+x86_64 | 1.3-5 | 260.00 | 290.00 | 550.00 | NOTE | |
r-release-osx-x86_64 | 1.3-5 | NOTE | ||||
r-oldrel-windows-ix86+x86_64 | 1.3-5 | 128.00 | 281.00 | 409.00 | OK | |
r-oldrel-osx-x86_64 | 1.3-5 | NOTE |
Version: 1.3-5
Check: installed package size
Result: NOTE
installed size is 8.9Mb
sub-directories of 1Mb or more:
R 2.0Mb
libs 5.9Mb
Flavors: r-devel-linux-x86_64-fedora-clang, r-devel-windows-ix86+x86_64, r-release-windows-ix86+x86_64, r-release-osx-x86_64, r-oldrel-osx-x86_64