CRAN Package Check Results for Package rowr

Last updated on 2018-10-19 01:46:40 CEST.

Flavor Version Tinstall Tcheck Ttotal Status Flags
r-devel-linux-x86_64-debian-clang 1.1.3 0.99 19.42 20.41 NOTE
r-devel-linux-x86_64-debian-gcc 1.1.3 0.78 15.98 16.76 NOTE
r-devel-linux-x86_64-fedora-clang 1.1.3 24.40 NOTE
r-devel-linux-x86_64-fedora-gcc 1.1.3 22.91 NOTE
r-devel-windows-ix86+x86_64 1.1.3 4.00 31.00 35.00 NOTE
r-patched-linux-x86_64 1.1.3 0.92 17.74 18.66 NOTE
r-patched-solaris-x86 1.1.3 35.20 NOTE
r-release-linux-x86_64 1.1.3 0.89 17.84 18.73 NOTE
r-release-windows-ix86+x86_64 1.1.3 4.00 28.00 32.00 NOTE
r-release-osx-x86_64 1.1.3 NOTE
r-oldrel-windows-ix86+x86_64 1.1.3 3.00 27.00 30.00 NOTE
r-oldrel-osx-x86_64 1.1.3 OK

Check Details

Version: 1.1.3
Check: S3 generic/method consistency
Result: NOTE
    Found the following apparent S3 methods exported but not registered:
     cbind.fill
    See section ‘Registering S3 methods’ in the ‘Writing R Extensions’
    manual.
Flavors: r-devel-linux-x86_64-debian-clang, r-devel-linux-x86_64-debian-gcc, r-devel-linux-x86_64-fedora-clang, r-devel-linux-x86_64-fedora-gcc, r-patched-linux-x86_64, r-patched-solaris-x86, r-release-linux-x86_64

Version: 1.1.3
Check: Rd \usage sections
Result: NOTE
    S3 methods shown with full name in documentation object 'cbind.fill':
     ‘cbind.fill’
    
    The \usage entries for S3 methods should use the \method markup and not
    their full name.
    See chapter ‘Writing R documentation files’ in the ‘Writing R
    Extensions’ manual.
Flavors: r-devel-linux-x86_64-debian-clang, r-devel-linux-x86_64-debian-gcc, r-devel-linux-x86_64-fedora-clang, r-devel-linux-x86_64-fedora-gcc, r-devel-windows-ix86+x86_64, r-patched-linux-x86_64, r-patched-solaris-x86, r-release-linux-x86_64, r-release-windows-ix86+x86_64, r-release-osx-x86_64, r-oldrel-windows-ix86+x86_64