CRAN Package Check Results for Package ruin

Last updated on 2018-10-19 01:46:50 CEST.

Flavor Version Tinstall Tcheck Ttotal Status Flags
r-devel-linux-x86_64-debian-clang 0.1.1 2.73 56.53 59.26 OK
r-devel-linux-x86_64-debian-gcc 0.1.1 2.27 44.23 46.50 OK
r-devel-linux-x86_64-fedora-clang 0.1.1 68.12 OK
r-devel-linux-x86_64-fedora-gcc 0.1.1 66.51 OK
r-devel-windows-ix86+x86_64 0.1.1 7.00 63.00 70.00 OK
r-patched-linux-x86_64 0.1.1 2.43 53.95 56.38 OK
r-patched-solaris-x86 0.1.1 82.70 OK
r-release-linux-x86_64 0.1.1 2.44 53.44 55.88 OK
r-release-windows-ix86+x86_64 0.1.1 8.00 82.00 90.00 OK
r-release-osx-x86_64 0.1.1 OK
r-oldrel-osx-x86_64 0.1.1 ERROR

Check Details

Version: 0.1.1
Check: whether package can be installed
Result: ERROR
    Installation failed.
Flavor: r-oldrel-osx-x86_64