CRAN Package Check Results for Package scatterD3

Last updated on 2018-10-19 01:46:50 CEST.

Flavor Version Tinstall Tcheck Ttotal Status Flags
r-devel-linux-x86_64-debian-clang 0.8.2 1.75 29.84 31.59 OK
r-devel-linux-x86_64-debian-gcc 0.8.2 1.43 24.03 25.46 OK
r-devel-linux-x86_64-fedora-clang 0.8.2 37.27 OK
r-devel-linux-x86_64-fedora-gcc 0.8.2 35.33 OK
r-devel-windows-ix86+x86_64 0.8.2 6.00 41.00 47.00 OK
r-patched-linux-x86_64 0.8.2 1.63 26.23 27.86 OK
r-patched-solaris-x86 0.8.2 52.70 WARN
r-release-linux-x86_64 0.8.2 1.69 26.82 28.51 OK
r-release-windows-ix86+x86_64 0.8.2 4.00 60.00 64.00 OK
r-release-osx-x86_64 0.8.2 WARN
r-oldrel-windows-ix86+x86_64 0.8.2 4.00 57.00 61.00 OK
r-oldrel-osx-x86_64 0.8.2 WARN

Check Details

Version: 0.8.2
Check: re-building of vignette outputs
Result: WARN
    Error in re-building vignettes:
     ...
    Warning in engine$weave(file, quiet = quiet, encoding = enc) :
     Pandoc (>= 1.12.3) and/or pandoc-citeproc not available. Falling back to R Markdown v1.
    Quitting from lines 34-35 (introduction.Rmd)
    Error: processing vignette 'introduction.Rmd' failed with diagnostics:
    there is no package called 'webshot'
    Execution halted
Flavor: r-patched-solaris-x86

Version: 0.8.2
Check: re-building of vignette outputs
Result: WARN
    Error in re-building vignettes:
     ...
    Warning in engine$weave(file, quiet = quiet, encoding = enc) :
     Pandoc (>= 1.12.3) and/or pandoc-citeproc not available. Falling back to R Markdown v1.
    Quitting from lines 34-35 (introduction.Rmd)
    Error: processing vignette 'introduction.Rmd' failed with diagnostics:
    cannot open the connection
    Execution halted
Flavors: r-release-osx-x86_64, r-oldrel-osx-x86_64