CRAN Package Check Results for Package sdcTarget

Last updated on 2018-10-19 01:46:51 CEST.

Flavor Version Tinstall Tcheck Ttotal Status Flags
r-devel-linux-x86_64-debian-clang 0.9-11 3.10 35.58 38.68 NOTE
r-devel-linux-x86_64-debian-gcc 0.9-11 3.45 28.98 32.43 NOTE
r-devel-linux-x86_64-fedora-clang 0.9-11 46.99 NOTE
r-devel-linux-x86_64-fedora-gcc 0.9-11 45.75 NOTE
r-devel-windows-ix86+x86_64 0.9-11 10.00 53.00 63.00 NOTE
r-patched-linux-x86_64 0.9-11 5.18 30.29 35.47 NOTE
r-patched-solaris-x86 0.9-11 70.20 NOTE
r-release-linux-x86_64 0.9-11 4.97 30.50 35.47 NOTE
r-release-windows-ix86+x86_64 0.9-11 12.00 67.00 79.00 NOTE
r-release-osx-x86_64 0.9-11 NOTE
r-oldrel-windows-ix86+x86_64 0.9-11 4.00 64.00 68.00 NOTE
r-oldrel-osx-x86_64 0.9-11 NOTE

Check Details

Version: 0.9-11
Check: R code for possible problems
Result: NOTE
    estimateTimeToComputeTargetDefinition: no visible global function
     definition for ‘flush.console’
    estimateTimeToComputeTargetDefinition: no visible global function
     definition for ‘combn’
    initialize,sdcTargetDefinitionClass: no visible global function
     definition for ‘flush.console’
    initialize,sdcTargetDefinitionClass: no visible global function
     definition for ‘combn’
    initialize,sdcTargetDefinitionClass: no visible global function
     definition for ‘quantile’
    initialize,sdcTargetMatrixClass: no visible global function definition
     for ‘flush.console’
    Undefined global functions or variables:
     combn flush.console quantile
    Consider adding
     importFrom("stats", "quantile")
     importFrom("utils", "combn", "flush.console")
    to your NAMESPACE file.
Flavors: r-devel-linux-x86_64-debian-clang, r-devel-linux-x86_64-debian-gcc, r-devel-linux-x86_64-fedora-clang, r-devel-linux-x86_64-fedora-gcc, r-devel-windows-ix86+x86_64, r-patched-linux-x86_64, r-patched-solaris-x86, r-release-linux-x86_64, r-release-windows-ix86+x86_64, r-release-osx-x86_64, r-oldrel-windows-ix86+x86_64, r-oldrel-osx-x86_64