CRAN Package Check Results for Package segclust2d

Last updated on 2018-10-19 01:46:51 CEST.

Flavor Version Tinstall Tcheck Ttotal Status Flags
r-devel-linux-x86_64-debian-clang 0.1.0 48.44 90.66 139.10 NOTE
r-devel-linux-x86_64-debian-gcc 0.1.0 43.03 741.35 784.38 NOTE
r-devel-linux-x86_64-fedora-clang 0.1.0 183.26 NOTE
r-devel-linux-x86_64-fedora-gcc 0.1.0 178.59 NOTE
r-devel-windows-ix86+x86_64 0.1.0 120.00 194.00 314.00 OK
r-patched-linux-x86_64 0.1.0 55.48 237.87 293.35 OK
r-patched-solaris-x86 0.1.0 222.60 OK
r-release-linux-x86_64 0.1.0 56.93 277.99 334.92 OK
r-release-windows-ix86+x86_64 0.1.0 129.00 182.00 311.00 OK
r-release-osx-x86_64 0.1.0 OK
r-oldrel-windows-ix86+x86_64 0.1.0 81.00 207.00 288.00 OK
r-oldrel-osx-x86_64 0.1.0 OK

Check Details

Version: 0.1.0
Check: use of SHLIB_OPENMP_*FLAGS in Makefiles
Result: NOTE
     src/Makevars: SHLIB_OPENMP_CXXFLAGS is included in PKG_CXXFLAGS but not in PKG_LIBS
     src/Makevars: SHLIB_OPENMP_CFLAGS is included in PKG_LIBS but not in PKG_CFLAGS
     src/Makevars.win: SHLIB_OPENMP_CXXFLAGS is included in PKG_CXXFLAGS but not in PKG_LIBS
     src/Makevars.win: SHLIB_OPENMP_CFLAGS is included in PKG_LIBS but not in PKG_CFLAGS
    Use of these macros is discussed in sect 1.2.1.1 of ‘Writing R
    Extensions’. The macros for different languages may differ so the
    matching macro must be used in PKG_CXXFLAGS (etc) and match that used
    in PKG_LIBS (except for F77: see the manual).
Flavors: r-devel-linux-x86_64-debian-clang, r-devel-linux-x86_64-debian-gcc, r-devel-linux-x86_64-fedora-clang, r-devel-linux-x86_64-fedora-gcc