Last updated on 2018-10-19 01:46:51 CEST.
Flavor | Version | Tinstall | Tcheck | Ttotal | Status | Flags |
---|---|---|---|---|---|---|
r-devel-linux-x86_64-debian-clang | 1.1.0 | 23.40 | 81.34 | 104.74 | OK | |
r-devel-linux-x86_64-debian-gcc | 1.1.0 | 19.94 | 65.53 | 85.47 | OK | |
r-devel-linux-x86_64-fedora-clang | 1.1.0 | 126.73 | NOTE | |||
r-devel-linux-x86_64-fedora-gcc | 1.1.0 | 127.73 | OK | |||
r-devel-windows-ix86+x86_64 | 1.1.0 | 57.00 | 92.00 | 149.00 | NOTE | |
r-patched-linux-x86_64 | 1.1.0 | 21.52 | 76.89 | 98.41 | OK | |
r-patched-solaris-x86 | 1.1.0 | 150.40 | NOTE | |||
r-release-linux-x86_64 | 1.1.0 | 20.56 | 77.91 | 98.47 | OK | |
r-release-windows-ix86+x86_64 | 1.1.0 | 55.00 | 125.00 | 180.00 | NOTE | |
r-release-osx-x86_64 | 1.1.0 | NOTE | ||||
r-oldrel-windows-ix86+x86_64 | 1.1.0 | 14.00 | 127.00 | 141.00 | NOTE | |
r-oldrel-osx-x86_64 | 1.1.0 | NOTE |
Version: 1.1.0
Check: installed package size
Result: NOTE
installed size is 8.8Mb
sub-directories of 1Mb or more:
R 1.2Mb
www 6.6Mb
Flavors: r-devel-linux-x86_64-fedora-clang, r-devel-windows-ix86+x86_64, r-patched-solaris-x86, r-release-windows-ix86+x86_64, r-release-osx-x86_64, r-oldrel-windows-ix86+x86_64, r-oldrel-osx-x86_64