CRAN Package Check Results for Package sidrar

Last updated on 2018-10-19 01:46:51 CEST.

Flavor Version Tinstall Tcheck Ttotal Status Flags
r-devel-linux-x86_64-debian-clang 0.2.4 1.41 34.40 35.81 OK
r-devel-linux-x86_64-debian-gcc 0.2.4 1.11 28.25 29.36 OK
r-devel-linux-x86_64-fedora-clang 0.2.4 43.15 NOTE
r-devel-linux-x86_64-fedora-gcc 0.2.4 41.75 NOTE
r-devel-windows-ix86+x86_64 0.2.4 5.00 61.00 66.00 OK
r-patched-linux-x86_64 0.2.4 1.35 31.77 33.12 OK
r-patched-solaris-x86 0.2.4 68.50 NOTE
r-release-linux-x86_64 0.2.4 1.30 32.53 33.83 OK
r-release-windows-ix86+x86_64 0.2.4 6.00 64.00 70.00 OK
r-release-osx-x86_64 0.2.4 NOTE
r-oldrel-windows-ix86+x86_64 0.2.4 3.00 66.00 69.00 OK
r-oldrel-osx-x86_64 0.2.4 NOTE

Check Details

Version: 0.2.4
Check: dependencies in R code
Result: NOTE
    Namespace in Imports field not imported from: ‘dplyr’
     All declared Imports should be used.
Flavors: r-devel-linux-x86_64-fedora-clang, r-devel-linux-x86_64-fedora-gcc, r-patched-solaris-x86, r-release-osx-x86_64, r-oldrel-osx-x86_64