Last updated on 2018-10-19 01:46:52 CEST.
Flavor | Version | Tinstall | Tcheck | Ttotal | Status | Flags |
---|---|---|---|---|---|---|
r-devel-linux-x86_64-debian-clang | 0.3-0 | 18.32 | 38.80 | 57.12 | OK | |
r-devel-linux-x86_64-debian-gcc | 0.4.0 | 37.91 | 34.24 | 72.15 | NOTE | |
r-devel-linux-x86_64-fedora-clang | 0.4.0 | 118.03 | NOTE | |||
r-devel-linux-x86_64-fedora-gcc | 0.4.0 | 109.72 | NOTE | |||
r-devel-windows-ix86+x86_64 | 0.3-0 | 42.00 | 71.00 | 113.00 | OK | |
r-patched-linux-x86_64 | 0.3-0 | 18.44 | 34.15 | 52.59 | OK | |
r-patched-solaris-x86 | 0.3-0 | 85.70 | OK | |||
r-release-linux-x86_64 | 0.4.0 | 40.69 | 37.83 | 78.52 | NOTE | |
r-release-windows-ix86+x86_64 | 0.3-0 | 36.00 | 96.00 | 132.00 | OK | |
r-release-osx-x86_64 | 0.3-0 | OK | ||||
r-oldrel-windows-ix86+x86_64 | 0.3-0 | 31.00 | 94.00 | 125.00 | OK | |
r-oldrel-osx-x86_64 | 0.3-0 | OK |
Version: 0.4.0
Check: for GNU extensions in Makefiles
Result: NOTE
GNU make is a SystemRequirements.
Flavors: r-devel-linux-x86_64-debian-gcc, r-devel-linux-x86_64-fedora-clang, r-devel-linux-x86_64-fedora-gcc, r-release-linux-x86_64