CRAN Package Check Results for Package smapr

Last updated on 2018-10-19 01:46:52 CEST.

Flavor Version Tinstall Tcheck Ttotal Status Flags
r-devel-linux-x86_64-debian-clang 0.2.0 0.30 2.20 2.50 ERROR
r-devel-linux-x86_64-debian-gcc 0.2.0 5.04 64.61 69.65 OK
r-devel-linux-x86_64-fedora-clang 0.2.0 101.67 OK
r-devel-linux-x86_64-fedora-gcc 0.2.0 101.65 OK
r-devel-windows-ix86+x86_64 0.2.0 13.00 112.00 125.00 OK
r-patched-linux-x86_64 0.2.0 5.40 66.40 71.80 OK
r-patched-solaris-x86 0.2.0 4.00 ERROR
r-release-linux-x86_64 0.2.0 4.91 66.34 71.25 OK
r-release-windows-ix86+x86_64 0.2.0 8.00 93.00 101.00 OK
r-release-osx-x86_64 0.2.0 OK
r-oldrel-windows-ix86+x86_64 0.2.0 7.00 103.00 110.00 OK
r-oldrel-osx-x86_64 0.2.0 OK

Check Details

Version: 0.2.0
Check: package dependencies
Result: ERROR
    Package required but not available: ‘rhdf5’
    
    See section ‘The DESCRIPTION file’ in the ‘Writing R Extensions’
    manual.
Flavors: r-devel-linux-x86_64-debian-clang, r-patched-solaris-x86