CRAN Package Check Results for Package spData

Last updated on 2018-10-19 01:46:52 CEST.

Flavor Version Tinstall Tcheck Ttotal Status Flags
r-devel-linux-x86_64-debian-clang 0.2.9.4 3.12 39.62 42.74 NOTE
r-devel-linux-x86_64-debian-gcc 0.2.9.4 2.41 32.33 34.74 NOTE
r-devel-linux-x86_64-fedora-clang 0.2.9.4 51.38 NOTE
r-devel-linux-x86_64-fedora-gcc 0.2.9.4 51.12 NOTE
r-devel-windows-ix86+x86_64 0.2.9.4 9.00 69.00 78.00 NOTE
r-patched-linux-x86_64 0.2.9.4 3.14 34.31 37.45 NOTE
r-patched-solaris-x86 0.2.9.4 72.00 NOTE
r-release-linux-x86_64 0.2.9.4 3.16 34.64 37.80 NOTE
r-release-windows-ix86+x86_64 0.2.9.4 8.00 65.00 73.00 NOTE
r-release-osx-x86_64 0.2.9.4 NOTE
r-oldrel-windows-ix86+x86_64 0.2.9.4 7.00 63.00 70.00 NOTE
r-oldrel-osx-x86_64 0.2.9.4 NOTE

Check Details

Version: 0.2.9.4
Check: package dependencies
Result: NOTE
    Package suggested but not available for checking: ‘spDataLarge’
Flavors: r-devel-linux-x86_64-debian-clang, r-devel-linux-x86_64-debian-gcc, r-devel-linux-x86_64-fedora-clang, r-devel-linux-x86_64-fedora-gcc, r-devel-windows-ix86+x86_64, r-patched-linux-x86_64, r-patched-solaris-x86, r-release-linux-x86_64, r-release-windows-ix86+x86_64, r-release-osx-x86_64, r-oldrel-windows-ix86+x86_64, r-oldrel-osx-x86_64

Version: 0.2.9.4
Check: installed package size
Result: NOTE
     installed size is 6.5Mb
     sub-directories of 1Mb or more:
     data 2.6Mb
     shapes 3.2Mb
Flavors: r-devel-linux-x86_64-fedora-clang, r-devel-windows-ix86+x86_64, r-patched-solaris-x86, r-release-windows-ix86+x86_64, r-release-osx-x86_64, r-oldrel-windows-ix86+x86_64, r-oldrel-osx-x86_64

Version: 0.2.9.4
Check: data for non-ASCII characters
Result: NOTE
     Note: found 285 marked UTF-8 strings
Flavors: r-devel-linux-x86_64-fedora-clang, r-devel-linux-x86_64-fedora-gcc, r-patched-solaris-x86, r-release-osx-x86_64, r-oldrel-osx-x86_64