Last updated on 2018-10-19 01:46:52 CEST.
Flavor | Version | Tinstall | Tcheck | Ttotal | Status | Flags |
---|---|---|---|---|---|---|
r-devel-linux-x86_64-debian-clang | 0.0.6 | 3.13 | 52.14 | 55.27 | NOTE | |
r-devel-linux-x86_64-debian-gcc | 0.0.6 | 2.74 | 39.09 | 41.83 | NOTE | |
r-devel-linux-x86_64-fedora-clang | 0.0.6 | 63.48 | NOTE | |||
r-devel-linux-x86_64-fedora-gcc | 0.0.6 | 61.99 | NOTE | |||
r-devel-windows-ix86+x86_64 | 0.0.6 | 7.00 | 81.00 | 88.00 | OK | |
r-patched-linux-x86_64 | 0.0.6 | 3.91 | 44.61 | 48.52 | OK | |
r-patched-solaris-x86 | 0.0.6 | 92.00 | OK | |||
r-release-linux-x86_64 | 0.0.6 | 2.52 | 44.35 | 46.87 | OK | |
r-release-windows-ix86+x86_64 | 0.0.6 | 6.00 | 67.00 | 73.00 | OK | |
r-release-osx-x86_64 | 0.0.6 | NOTE | ||||
r-oldrel-windows-ix86+x86_64 | 0.0.6 | 3.00 | 69.00 | 72.00 | OK | |
r-oldrel-osx-x86_64 | 0.0.6 | NOTE |
Version: 0.0.6
Check: dependencies in R code
Result: NOTE
Missing or unexported object: ‘RCy3::displayGraph’
Flavors: r-devel-linux-x86_64-debian-clang, r-devel-linux-x86_64-debian-gcc, r-devel-linux-x86_64-fedora-clang, r-devel-linux-x86_64-fedora-gcc
Version: 0.0.6
Check: package dependencies
Result: NOTE
Package suggested but not available for checking: ‘RCy3’
Flavors: r-release-osx-x86_64, r-oldrel-osx-x86_64
Version: 0.0.6
Check: Rd cross-references
Result: NOTE
Package unavailable to check Rd xrefs: ‘RCy3’
Flavors: r-release-osx-x86_64, r-oldrel-osx-x86_64