CRAN Package Check Results for Package spatial.tools

Last updated on 2018-10-19 01:46:52 CEST.

Flavor Version Tinstall Tcheck Ttotal Status Flags
r-devel-linux-x86_64-debian-clang 1.6.0 7.99 98.02 106.01 OK
r-devel-linux-x86_64-debian-gcc 1.6.0 6.83 81.85 88.68 OK
r-devel-linux-x86_64-fedora-clang 1.6.0 126.17 OK
r-devel-linux-x86_64-fedora-gcc 1.6.0 121.81 OK
r-devel-windows-ix86+x86_64 1.6.0 17.00 144.00 161.00 ERROR
r-patched-linux-x86_64 1.6.0 5.59 87.41 93.00 OK
r-patched-solaris-x86 1.6.0 198.80 OK
r-release-linux-x86_64 1.6.0 5.77 84.56 90.33 OK
r-release-windows-ix86+x86_64 1.6.0 18.00 125.00 143.00 OK
r-release-osx-x86_64 1.6.0 OK
r-oldrel-windows-ix86+x86_64 1.6.0 9.00 127.00 136.00 OK
r-oldrel-osx-x86_64 1.6.0 OK

Check Details

Version: 1.6.0
Check: examples
Result: ERROR
    Running examples in 'spatial.tools-Ex.R' failed
    The error most likely occurred in:
    
    > ### Name: raster_to_GLT
    > ### Title: Creates a geometry lookup (GLT) file from a raster
    > ### Aliases: raster_to_GLT
    >
    > ### ** Examples
    >
    > library("raster")
    Loading required package: sp
    > tahoe_lidar_highesthit <-
    + raster(system.file("external/tahoe_lidar_highesthit.tif", package="spatial.tools"))
    > tahoe_lidar_highesthit_glt <- raster_to_GLT(tahoe_lidar_highesthit)
    Warning in .local(x, ...) : min value not known, use setMinMax
    Warning in .local(x, ...) : min value not known, use setMinMax
    rgdal: version: 1.3-4, (SVN revision 766)
     Geospatial Data Abstraction Library extensions to R successfully loaded
     Loaded GDAL runtime: GDAL 2.2.3, released 2017/11/20
     Path to GDAL shared files: D:/temp/RtmpARHlXw/RLIBS_3418049ba745e/rgdal/gdal
     GDAL binary built with GEOS: TRUE
     Loaded PROJ.4 runtime: Rel. 4.9.3, 15 August 2016, [PJ_VERSION: 493]
     Path to PROJ.4 shared files: D:/temp/RtmpARHlXw/RLIBS_3418049ba745e/rgdal/proj
     Linking to sp version: 1.3-1
    [1] "D:\\temp\\RtmpQBy4Hr\\file31a04127c78ed.gri"
    Warning in int64() : unsupported int64, use int32 or real64
    Warning in .local(x, ...) : min value not known, use setMinMax
    > plot(tahoe_lidar_highesthit_glt)
    > setMinMax(tahoe_lidar_highesthit_glt)
    class : RasterBrick
    dimensions : 400, 400, 160000, 2 (nrow, ncol, ncell, nlayers)
    resolution : 5.472863e-06, 5.472863e-06 (x, y)
    extent : -119.9328, -119.9306, 39.28922, 39.29141 (xmin, xmax, ymin, ymax)
    coord. ref. : +proj=longlat +datum=WGS84 +no_defs +ellps=WGS84 +towgs84=0,0,0
    data source : D:\temp\RtmpQBy4Hr\file31a04127c78ed.grd
    names : layer.1, layer.2
    min values : 1, 1
    max values : 400, 400
    
    >
    >
    >
    >
    > cleanEx()
    
    detaching 'package:mmap', 'package:rgdal', 'package:raster',
     'package:sp'
    
    Error: connections left open:
     D:\temp\RtmpQBy4Hr\file31a04127c78ed.gri (file)
    Execution halted
Flavor: r-devel-windows-ix86+x86_64