CRAN Package Check Results for Package stUPscales

Last updated on 2018-10-19 01:46:53 CEST.

Flavor Version Tinstall Tcheck Ttotal Status Flags
r-devel-linux-x86_64-debian-clang 1.0.3.3 14.87 156.80 171.67 OK
r-devel-linux-x86_64-debian-gcc 1.0.3.3 10.77 120.15 130.92 OK
r-devel-linux-x86_64-fedora-clang 1.0.3.3 200.17 OK
r-devel-linux-x86_64-fedora-gcc 1.0.3.3 194.88 OK
r-devel-windows-ix86+x86_64 1.0.3.3 35.00 176.00 211.00 OK
r-patched-linux-x86_64 1.0.3.3 11.57 129.35 140.92 OK
r-patched-solaris-x86 1.0.3.3 277.50 OK
r-release-linux-x86_64 1.0.3.3 11.07 128.81 139.88 OK
r-release-windows-ix86+x86_64 1.0.3.3 39.00 227.00 266.00 OK
r-release-osx-x86_64 1.0.3.3 ERROR
r-oldrel-windows-ix86+x86_64 1.0.3.3 20.00 241.00 261.00 OK
r-oldrel-osx-x86_64 1.0.3.3 ERROR

Check Details

Version: 1.0.3.3
Check: whether package can be installed
Result: ERROR
    Installation failed.
Flavors: r-release-osx-x86_64, r-oldrel-osx-x86_64