Last updated on 2018-10-19 01:46:53 CEST.
Flavor | Version | Tinstall | Tcheck | Ttotal | Status | Flags |
---|---|---|---|---|---|---|
r-devel-linux-x86_64-debian-clang | 1.2.0 | 5.61 | 40.09 | 45.70 | OK | |
r-devel-linux-x86_64-debian-gcc | 1.2.1 | 4.94 | 31.71 | 36.65 | OK | |
r-devel-linux-x86_64-fedora-clang | 1.2.1 | 56.62 | OK | |||
r-devel-linux-x86_64-fedora-gcc | 1.2.1 | 55.54 | OK | |||
r-devel-windows-ix86+x86_64 | 1.2.0 | 11.00 | 60.00 | 71.00 | OK | |
r-patched-linux-x86_64 | 1.2.0 | 4.97 | 36.97 | 41.94 | OK | |
r-patched-solaris-x86 | 1.2.0 | 72.10 | NOTE | |||
r-release-linux-x86_64 | 1.2.1 | 4.95 | 37.13 | 42.08 | OK | |
r-release-windows-ix86+x86_64 | 1.2.0 | 10.00 | 83.00 | 93.00 | OK | |
r-release-osx-x86_64 | 1.2.0 | OK | ||||
r-oldrel-windows-ix86+x86_64 | 1.2.0 | 3.00 | 85.00 | 88.00 | OK | |
r-oldrel-osx-x86_64 | 1.2.0 | OK |
Version: 1.2.0
Check: package dependencies
Result: NOTE
Package suggested but not available for checking: ‘RPostgres’
Flavor: r-patched-solaris-x86