Last updated on 2018-10-19 01:46:53 CEST.
Flavor | Version | Tinstall | Tcheck | Ttotal | Status | Flags |
---|---|---|---|---|---|---|
r-devel-linux-x86_64-debian-clang | 1.1 | 12.56 | 93.00 | 105.56 | OK | |
r-devel-linux-x86_64-debian-gcc | 1.1 | 10.76 | 74.03 | 84.79 | OK | |
r-devel-linux-x86_64-fedora-clang | 1.1 | 137.42 | OK | |||
r-devel-linux-x86_64-fedora-gcc | 1.1 | 134.36 | OK | |||
r-devel-windows-ix86+x86_64 | 1.1 | 42.00 | 169.00 | 211.00 | OK | |
r-patched-linux-x86_64 | 1.1 | 13.32 | 97.27 | 110.59 | OK | |
r-patched-solaris-x86 | 1.1 | 61.40 | WARN | |||
r-release-linux-x86_64 | 1.1 | 13.73 | 98.22 | 111.95 | OK | |
r-release-windows-ix86+x86_64 | 1.1 | 35.00 | 170.00 | 205.00 | OK | |
r-release-osx-x86_64 | 1.1 | OK | ||||
r-oldrel-windows-ix86+x86_64 | 1.1 | 33.00 | 173.00 | 206.00 | OK | |
r-oldrel-osx-x86_64 | 1.1 | OK |
Version: 1.1
Check: re-building of vignette outputs
Result: WARN
Error in re-building vignettes:
...
Warning in engine$weave(file, quiet = quiet, encoding = enc) :
Pandoc (>= 1.12.3) and/or pandoc-citeproc not available. Falling back to R Markdown v1.
Building shared library for Rcpp code chunk...
make: Warning: Ignoring DistributedMake -j option
make: Warning: Ignoring DistributedMake -j option
make: Fatal error: Don't know how to make target `file6a75143d1376.o'
Current working directory /tmp/RtmpsoaOo1/sourceCpp-i386-pc-solaris2.10-0.12.19/sourcecpp_6a75b3bc2e
`/home/ripley/R/gcc/etc/Makeconf' is up to date.
`/home/ripley/R/gcc/etc/Makeconf' is up to date.
Quitting from lines 60-85 (strider.Rmd)
Error: processing vignette 'strider.Rmd' failed with diagnostics:
Error occurred building shared library.
Execution halted
Flavor: r-patched-solaris-x86