CRAN Package Check Results for Package stylest

Last updated on 2018-10-19 01:46:53 CEST.

Flavor Version Tinstall Tcheck Ttotal Status Flags
r-devel-linux-x86_64-debian-clang 0.1.0 4.18 69.05 73.23 OK
r-devel-linux-x86_64-debian-gcc 0.1.0 4.14 55.68 59.82 OK
r-devel-linux-x86_64-fedora-clang 0.1.0 86.81 NOTE
r-devel-linux-x86_64-fedora-gcc 0.1.0 87.33 NOTE
r-devel-windows-ix86+x86_64 0.1.0 10.00 80.00 90.00 OK
r-patched-linux-x86_64 0.1.0 2.96 56.37 59.33 OK
r-patched-solaris-x86 0.1.0 121.60 NOTE
r-release-linux-x86_64 0.1.0 4.08 57.32 61.40 OK
r-release-windows-ix86+x86_64 0.1.0 7.00 93.00 100.00 OK
r-release-osx-x86_64 0.1.0 NOTE
r-oldrel-windows-ix86+x86_64 0.1.0 6.00 90.00 96.00 OK
r-oldrel-osx-x86_64 0.1.0 NOTE

Check Details

Version: 0.1.0
Check: data for non-ASCII characters
Result: NOTE
     Note: found 2 marked UTF-8 strings
Flavors: r-devel-linux-x86_64-fedora-clang, r-devel-linux-x86_64-fedora-gcc, r-patched-solaris-x86, r-release-osx-x86_64, r-oldrel-osx-x86_64