CRAN Package Check Results for Package summarytools

Last updated on 2018-10-19 01:46:53 CEST.

Flavor Version Tinstall Tcheck Ttotal Status Flags
r-devel-linux-x86_64-debian-clang 0.8.8 5.55 58.51 64.06 OK
r-devel-linux-x86_64-debian-gcc 0.8.8 5.60 46.18 51.78 OK
r-devel-linux-x86_64-fedora-clang 0.8.8 74.71 NOTE
r-devel-linux-x86_64-fedora-gcc 0.8.8 74.12 NOTE
r-devel-windows-ix86+x86_64 0.8.8 13.00 72.00 85.00 OK
r-patched-linux-x86_64 0.8.8 4.99 50.64 55.63 OK
r-patched-solaris-x86 0.8.8 86.60 NOTE
r-release-linux-x86_64 0.8.8 5.55 50.92 56.47 OK
r-release-windows-ix86+x86_64 0.8.8 10.00 92.00 102.00 OK
r-release-osx-x86_64 0.8.8 NOTE
r-oldrel-windows-ix86+x86_64 0.8.8 5.00 99.00 104.00 OK
r-oldrel-osx-x86_64 0.8.8 NOTE

Check Details

Version: 0.8.8
Check: data for non-ASCII characters
Result: NOTE
     Note: found 78 marked UTF-8 strings
Flavors: r-devel-linux-x86_64-fedora-clang, r-devel-linux-x86_64-fedora-gcc, r-patched-solaris-x86, r-release-osx-x86_64, r-oldrel-osx-x86_64