Last updated on 2018-10-19 01:46:53 CEST.
Flavor | Version | Tinstall | Tcheck | Ttotal | Status | Flags |
---|---|---|---|---|---|---|
r-devel-linux-x86_64-debian-clang | 0.0.5 | 7.42 | 74.37 | 81.79 | OK | |
r-devel-linux-x86_64-debian-gcc | 0.0.5 | 6.08 | 59.17 | 65.25 | OK | |
r-devel-linux-x86_64-fedora-clang | 0.0.5 | 94.89 | NOTE | |||
r-devel-linux-x86_64-fedora-gcc | 0.0.5 | 95.13 | NOTE | |||
r-devel-windows-ix86+x86_64 | 0.0.5 | 16.00 | 108.00 | 124.00 | OK | |
r-patched-linux-x86_64 | 0.0.5 | 6.41 | 63.41 | 69.82 | OK | |
r-patched-solaris-x86 | 0.0.5 | 131.30 | NOTE | |||
r-release-linux-x86_64 | 0.0.5 | 4.62 | 63.12 | 67.74 | OK | |
r-release-windows-ix86+x86_64 | 0.0.5 | 17.00 | 97.00 | 114.00 | OK | |
r-release-osx-x86_64 | 0.0.5 | NOTE | ||||
r-oldrel-windows-ix86+x86_64 | 0.0.5 | 8.00 | 98.00 | 106.00 | OK | |
r-oldrel-osx-x86_64 | 0.0.5 | NOTE |
Version: 0.0.5
Check: dependencies in R code
Result: NOTE
Namespace in Imports field not imported from: ‘quadprog’
All declared Imports should be used.
Flavors: r-devel-linux-x86_64-fedora-clang, r-devel-linux-x86_64-fedora-gcc, r-patched-solaris-x86, r-release-osx-x86_64, r-oldrel-osx-x86_64