CRAN Package Check Results for Package tables

Last updated on 2018-10-19 01:46:54 CEST.

Flavor Version Tinstall Tcheck Ttotal Status Flags
r-devel-linux-x86_64-debian-clang 0.8.4 8.23 118.71 126.94 OK
r-devel-linux-x86_64-debian-gcc 0.8.4 6.92 93.32 100.24 OK
r-devel-linux-x86_64-fedora-clang 0.8.4 151.52 OK
r-devel-linux-x86_64-fedora-gcc 0.8.4 145.75 OK
r-devel-windows-ix86+x86_64 0.8.4 25.00 140.00 165.00 WARN
r-patched-linux-x86_64 0.8.4 7.10 99.35 106.45 OK
r-patched-solaris-x86 0.8.4 176.60 WARN
r-release-linux-x86_64 0.8.4 5.19 98.69 103.88 OK
r-release-windows-ix86+x86_64 0.8.4 26.00 190.00 216.00 OK
r-release-osx-x86_64 0.8.4 NOTE
r-oldrel-windows-ix86+x86_64 0.8.4 13.00 184.00 197.00 OK
r-oldrel-osx-x86_64 0.8.4 NOTE

Check Details

Version: 0.8.4
Check: whether package can be installed
Result: WARN
    Found the following significant warnings:
     Warning: S3 methods '[.fun_list', '[.grouped_df', 'all.equal.tbl_df', 'anti_join.data.frame', 'anti_join.tbl_df', 'arrange.data.frame', 'arrange.default', 'arrange.grouped_df', 'arrange.tbl_df', 'arrange_.data.frame', 'arrange_.tbl_df', 'as.data.frame.grouped_df', 'as.data.frame.rowwise_df', 'as.data.frame.tbl_cube', 'as.data.frame.tbl_df', 'as.table.tbl_cube', 'as.tbl.data.frame', 'as.tbl.tbl', 'as.tbl_cube.array', 'as.tbl_cube.data.frame', 'as.tbl_cube.matrix', 'as.tbl_cube.table', 'as_data_frame.grouped_df', 'as_data_frame.tbl_cube', 'auto_copy.tbl_cube', 'auto_copy.tbl_df', 'cbind.grouped_df', 'collapse.data.frame', 'collect.data.frame', 'common_by.NULL', 'common_by.character', 'common_by.default', 'common_by.list', 'compute.data.frame', 'copy_to.DBIConnection', 'copy_to.src_local', 'default_missing.data.frame', 'default_missing.default', 'dim.tbl_cube', 'distinct.data.frame', 'distinct.default', 'distinct.grouped_df', 'distinct.tbl_df', 'distinct_.data.frame', 'distinct_.grouped_df', 'dist [... truncated]
Flavor: r-devel-windows-ix86+x86_64

Version: 0.8.4
Check: re-building of vignette outputs
Result: WARN
    Error in re-building vignettes:
     ...
    Warning in engine$weave(file, quiet = quiet, encoding = enc) :
     Pandoc (>= 1.12.3) and/or pandoc-citeproc not available. Falling back to R Markdown v1.
    Loading required package: Hmisc
    Loading required package: lattice
    Loading required package: survival
    Loading required package: Formula
    Loading required package: ggplot2
    
    Attaching package: 'Hmisc'
    
    The following objects are masked from 'package:base':
    
     format.pval, units
    
    Quitting from lines 44-45 (HTML.Rmd)
    Error: processing vignette 'HTML.Rmd' failed with diagnostics:
    argument is of length zero
    Execution halted
Flavor: r-patched-solaris-x86

Version: 0.8.4
Check: re-building of vignette outputs
Result: NOTE
    Error in re-building vignettes:
     ...
    Warning in engine$weave(file, quiet = quiet, encoding = enc) :
     Pandoc (>= 1.12.3) and/or pandoc-citeproc not available. Falling back to R Markdown v1.
    Loading required package: Hmisc
    Loading required package: lattice
    Loading required package: survival
    Loading required package: Formula
    Loading required package: ggplot2
    
    Attaching package: 'Hmisc'
    
    The following objects are masked from 'package:base':
    
     format.pval, units
    
    Quitting from lines 44-45 (HTML.Rmd)
    Error: processing vignette 'HTML.Rmd' failed with diagnostics:
    argument is of length zero
    Execution halted
Flavors: r-release-osx-x86_64, r-oldrel-osx-x86_64