CRAN Package Check Results for Package teachingApps

Last updated on 2018-10-19 01:46:54 CEST.

Flavor Version Tinstall Tcheck Ttotal Status Flags
r-devel-linux-x86_64-debian-clang 1.0.4 61.79 88.21 150.00 OK
r-devel-linux-x86_64-debian-gcc 1.0.4 59.65 70.96 130.61 OK
r-devel-linux-x86_64-fedora-clang 1.0.4 201.64 NOTE
r-devel-linux-x86_64-fedora-gcc 1.0.4 195.69 OK
r-devel-windows-ix86+x86_64 1.0.4 197.00 204.00 401.00 OK
r-patched-linux-x86_64 1.0.4 73.41 80.07 153.48 OK
r-patched-solaris-x86 1.0.4 222.10 OK
r-release-linux-x86_64 1.0.4 72.73 79.92 152.65 OK
r-release-windows-ix86+x86_64 1.0.4 204.00 213.00 417.00 OK
r-release-osx-x86_64 1.0.4 NOTE
r-oldrel-windows-ix86+x86_64 1.0.4 147.00 226.00 373.00 OK
r-oldrel-osx-x86_64 1.0.4 NOTE

Check Details

Version: 1.0.4
Check: installed package size
Result: NOTE
     installed size is 12.2Mb
     sub-directories of 1Mb or more:
     apps 2.8Mb
     libs 8.5Mb
Flavors: r-devel-linux-x86_64-fedora-clang, r-release-osx-x86_64, r-oldrel-osx-x86_64