CRAN Package Check Results for Package tesseract

Last updated on 2018-10-19 01:46:54 CEST.

Flavor Version Tinstall Tcheck Ttotal Status Flags
r-devel-linux-x86_64-debian-clang 2.3 18.36 97.69 116.05 OK
r-devel-linux-x86_64-debian-gcc 2.3 17.12 379.80 396.92 OK
r-devel-linux-x86_64-fedora-clang 2.3 95.78 OK
r-devel-linux-x86_64-fedora-gcc 2.3 95.43 OK
r-devel-windows-ix86+x86_64 2.3 118.00 162.00 280.00 NOTE
r-patched-linux-x86_64 2.3 22.61 172.80 195.41 OK
r-release-linux-x86_64 2.3 17.48 168.51 185.99 OK
r-release-windows-ix86+x86_64 2.3 124.00 204.00 328.00 NOTE
r-release-osx-x86_64 2.3 NOTE
r-oldrel-windows-ix86+x86_64 2.3 95.00 203.00 298.00 NOTE
r-oldrel-osx-x86_64 2.3 NOTE

Check Details

Version: 2.3
Check: installed package size
Result: NOTE
     installed size is 45.1Mb
     sub-directories of 1Mb or more:
     libs 13.2Mb
     tessdata 31.0Mb
Flavors: r-devel-windows-ix86+x86_64, r-release-windows-ix86+x86_64, r-release-osx-x86_64, r-oldrel-windows-ix86+x86_64, r-oldrel-osx-x86_64