CRAN Package Check Results for Package tidyverse

Last updated on 2018-10-19 01:46:54 CEST.

Flavor Version Tinstall Tcheck Ttotal Status Flags
r-devel-linux-x86_64-debian-clang 1.2.1 5.14 54.20 59.34 OK
r-devel-linux-x86_64-debian-gcc 1.2.1 3.83 42.33 46.16 OK
r-devel-linux-x86_64-fedora-clang 1.2.1 67.26 NOTE
r-devel-linux-x86_64-fedora-gcc 1.2.1 65.77 NOTE
r-devel-windows-ix86+x86_64 1.2.1 12.00 103.00 115.00 OK
r-patched-linux-x86_64 1.2.1 3.98 44.87 48.85 OK
r-patched-solaris-x86 1.2.1 95.40 NOTE
r-release-linux-x86_64 1.2.1 3.30 45.82 49.12 OK
r-release-windows-ix86+x86_64 1.2.1 14.00 109.00 123.00 OK
r-release-osx-x86_64 1.2.1 NOTE
r-oldrel-windows-ix86+x86_64 1.2.1 12.00 93.00 105.00 OK
r-oldrel-osx-x86_64 1.2.1 NOTE

Check Details

Version: 1.2.1
Check: dependencies in R code
Result: NOTE
    Namespaces in Imports field not imported from:
     ‘dbplyr’ ‘reprex’ ‘rlang’
     All declared Imports should be used.
Flavors: r-devel-linux-x86_64-fedora-clang, r-devel-linux-x86_64-fedora-gcc, r-patched-solaris-x86, r-release-osx-x86_64, r-oldrel-osx-x86_64